Grottammare (AP) zona Ischia I°

42° 58.22' N | 013° 52.42' E | 5 metri | Visualizza sulla mappa

Sommario Climatico per June 2024

12/06/2024 17:20:00 CEST

Stazione:VantagePro2
Software:WeeWX v3.7.0
Aggiornamento Weewx:42 Giorni, 17 Ore, 15 Minuti
Aggiornamento Server:42 Giorni, 17 Ore, 15 Minuti
                   MONTHLY CLIMATOLOGICAL SUMMARY for giu 2024


NAME: Grottammare (AP) zona Ischia I°                  
ELEV: 5 metri    LAT: 42-58.22 N    LONG: 013-52.42 E


                   TEMPERATURE (°C), RAIN (mm), WIND SPEED (km/h)

                                         HEAT   COOL         AVG
      MEAN                               DEG    DEG          WIND                   DOM
DAY   TEMP   HIGH   TIME    LOW   TIME   DAYS   DAYS   RAIN  SPEED   HIGH   TIME    DIR
---------------------------------------------------------------------------------------
 01   21,7   24,3  11:54   15,1  04:37    0,0    3,4    0,0    3,4   25,7  01:55    139
 02   18,7   24,2  08:27   14,9  05:48    0,0    0,4    4,0    0,7   11,3  12:30     82
 03   18,5   22,2  14:56   14,2  09:44    0,0    0,2    7,8    2,4   29,0  10:15     36
 04   20,2   23,3  14:05   14,3  05:50    0,0    1,8    0,0    1,8   16,1  13:30    118
 05   21,3   24,4  14:50   16,4  05:32    0,0    2,9    0,0    2,2   16,1  15:55    111
 06   21,7   25,1  10:13   16,3  05:15    0,0    3,4    0,0    2,0   14,5  10:50     60
 07   23,1   26,4  11:00   17,7  06:00    0,0    4,8    0,0    1,7   12,9  09:40     85
 08   23,9   27,2  12:31   18,6  04:56    0,0    5,6    0,0    2,0   14,5  11:45     98
 09   23,8   27,1  13:00   20,4  05:42    0,0    5,5    0,2    0,7   16,1  13:50    105
 10   25,2   28,9  03:00   21,6  05:55    0,0    6,9    0,0    3,0   19,3  01:45    145
 11   24,3   26,4  09:35   21,1  01:02    0,0    6,0    0,0    3,1   22,5  03:20     96
 12   23,5   25,8  12:39   20,5  04:55    0,0    5,2    0,2    3,3   19,3  11:20     59
 13
 14
 15
 16
 17
 18
 19
 20
 21
 22
 23
 24
 25
 26
 27
 28
 29
 30
---------------------------------------------------------------------------------------
      22,1   28,9     10   14,2     03    0,0   45,9   12,2    2,2   29,0     03     90
    
Updated: 12/06/2024 17:20:00