Grottammare (AP) zona Ischia I°

42° 58.22' N | 013° 52.42' E | 5 metri | Visualizza sulla mappa

Sommario Climatico per December 2023

21/02/2024 23:40:00 CET

Stazione:VantagePro2
Software:WeeWX v3.7.0
Aggiornamento Weewx:112 Giorni, 23 Ore, 35 Minuti
Aggiornamento Server:112 Giorni, 23 Ore, 35 Minuti
                   MONTHLY CLIMATOLOGICAL SUMMARY for dic 2023


NAME: Grottammare (AP) zona Ischia I°                  
ELEV: 5 metri    LAT: 42-58.22 N    LONG: 013-52.42 E


                   TEMPERATURE (°C), RAIN (mm), WIND SPEED (km/h)

                                         HEAT   COOL         AVG
      MEAN                               DEG    DEG          WIND                   DOM
DAY   TEMP   HIGH   TIME    LOW   TIME   DAYS   DAYS   RAIN  SPEED   HIGH   TIME    DIR
---------------------------------------------------------------------------------------
 01   19,4   25,2  11:50   11,7  03:10    0,0    1,1    0,0    2,1   29,0  21:05    240
 02   18,7   23,8  03:40   10,9  00:00    0,0    0,4    0,0    8,8   54,7  18:55    253
 03   10,3   13,8  12:18    7,3  03:40    8,0    0,0    0,0    3,1   27,4  11:25    247
 04    9,6   12,4  10:22    7,3  07:25    8,8    0,0    0,0    2,9   24,1  01:10    255
 05    8,7   11,6  09:28    5,7  00:00    9,6    0,0    0,6    0,5   12,9  14:25    336
 06    8,5   12,9  13:59    3,9  07:24    9,8    0,0    0,0    2,4   25,7  22:05    263
 07   10,1   14,5  12:35    5,1  00:00    8,2    0,0    0,0    4,4   25,7  03:15    271
 08    7,6   12,9  11:50    2,1  06:10   10,7    0,0    0,0    0,6   12,9  13:05    175
 09    8,8   12,3  12:59    5,3  20:35    9,5    0,0    0,0    1,9   19,3  05:35    270
 10    8,9   12,4  14:02    4,4  23:26    9,4    0,0    1,0    0,9   22,5  12:40     56
 11    8,9   14,8  13:11    4,4  00:32    9,4    0,0    0,0    0,2    6,4  11:40    128
 12   11,7   16,7  11:43    7,2  02:00    6,7    0,0    0,0    0,3   11,3  11:50     63
 13   13,4   19,3  20:19    9,5  07:38    4,9    0,0    0,2    1,2   32,2  23:20    254
 14   12,3   15,6  00:45   10,1  23:40    6,0    0,0    0,8    3,5   25,7  22:45    277
 15   11,4   14,3  14:38    9,1  21:31    7,0    0,0    3,8    5,5   33,8  20:25    293
 16   10,7   13,3  14:25    9,0  01:39    7,6    0,0    0,0    5,2   35,4  06:10      8
 17   10,1   14,4  13:03    7,7  23:22    8,2    0,0    0,0    4,6   27,4  07:50    266
 18    7,7   13,6  15:32    2,7  07:17   10,6    0,0    0,0    0,8   11,3  00:50    121
 19    7,6   15,7  15:05    2,8  07:04   10,8    0,0    0,0    0,3    9,7  13:30    106
 20    8,3   14,7  14:37    3,8  05:45   10,0    0,0    0,0    0,5   14,5  23:15     74
 21    9,4   13,3  10:06    5,1  23:35    9,0    0,0    0,0    1,6   19,3  07:15      2
 22   13,9   20,3  11:45    3,9  02:52    4,4    0,0    0,0    3,4   32,2  14:40    251
 23   18,8   24,1  13:26   11,8  02:16    0,0    0,5    0,0    3,7   25,7  17:15    259
 24   12,4   20,4  00:46    6,9  23:14    5,9    0,0    0,0    0,9   17,7  00:15      9
 25   10,0   15,6  13:01    5,3  07:58    8,3    0,0    0,0    0,4    8,0  10:25     57
 26   10,3   15,6  14:35    6,6  07:34    8,0    0,0    0,0    0,3    9,7  13:15     98
 27    9,7   14,4  11:55    6,3  00:00    8,6    0,0    0,0    0,5    8,0  14:00     65
 28    8,3   14,7  15:20    4,3  07:35   10,1    0,0    0,0    0,2    9,7  11:00     49
 29    9,0   13,6  11:45    5,2  07:28    9,4    0,0    0,2    0,2    9,7  02:20     49
 30    9,5   14,5  14:54    5,5  02:23    8,8    0,0    0,0    0,4   11,3  13:05    107
 31    9,7   14,8  10:30    4,2  06:35    8,7    0,0    0,0    1,3   17,7  14:30    192
---------------------------------------------------------------------------------------
      10,8   25,2     01    2,1     08  236,5    1,9    6,6    2,0   54,7     02    266
    
Updated: 01/01/2024 00:00:00