Grottammare (AP) zona Ischia I°

42° 58.22' N | 013° 52.42' E | 5 metri | Visualizza sulla mappa

Sommario Climatico per September 2023

12/06/2024 18:25:00 CEST

Stazione:VantagePro2
Software:WeeWX v3.7.0
Aggiornamento Weewx:42 Giorni, 18 Ore, 20 Minuti
Aggiornamento Server:42 Giorni, 18 Ore, 20 Minuti
                   MONTHLY CLIMATOLOGICAL SUMMARY for set 2023


NAME: Grottammare (AP) zona Ischia I°                  
ELEV: 5 metri    LAT: 42-58.22 N    LONG: 013-52.42 E


                   TEMPERATURE (°C), RAIN (mm), WIND SPEED (km/h)

                                         HEAT   COOL         AVG
      MEAN                               DEG    DEG          WIND                   DOM
DAY   TEMP   HIGH   TIME    LOW   TIME   DAYS   DAYS   RAIN  SPEED   HIGH   TIME    DIR
---------------------------------------------------------------------------------------
 01   23,2   27,1  15:01   17,1  06:44    0,0    4,9    0,0    2,1   16,1  15:20    104
 02   23,4   27,2  15:35   18,3  06:15    0,0    5,1    0,0    1,7   12,9  12:25     83
 03   24,1   28,2  10:20   18,1  06:27    0,0    5,8    0,0    2,6   20,9  15:10     35
 04   25,2   27,3  13:00   23,4  06:19    0,0    6,8    0,0    5,5   25,7  20:50     21
 05   24,7   26,8  14:27   23,0  04:23    0,0    6,3    0,0    6,2   30,6  02:50     23
 06   24,7   28,0  14:38   21,7  06:15    0,0    6,4    0,0    5,4   30,6  23:10    340
 07   25,2   28,0  10:25   22,6  06:10    0,0    6,9    0,0    6,5   29,0  17:30    324
 08   25,3   29,1  11:05   22,9  06:35    0,0    7,0    0,0    5,6   30,6  17:25    345
 09   24,9   28,6  10:23   19,4  23:57    0,0    6,5    0,0    4,3   22,5  13:00    346
 10   24,3   28,7  10:27   19,3  07:02    0,0    6,0    0,0    3,2   19,3  03:50     14
 11   22,5   27,1  14:40   17,1  06:32    0,0    4,2    0,0    1,5   12,9  12:50     76
 12   23,1   27,2  14:25   17,6  06:49    0,0    4,8    0,0    1,5   14,5  15:10    101
 13   22,7   27,0  14:03   17,3  06:40    0,0    4,3    0,0    1,2   12,9  13:35    102
 14   23,7   27,7  10:10   20,5  00:05    0,0    5,4    0,0    1,7   16,1  14:00     66
 15   21,9   24,4  13:46   19,5  23:40    0,0    3,6    0,2    1,5   20,9  12:35     33
 16   21,9   25,3  13:12   17,7  06:20    0,0    3,6    0,0    1,2   12,9  13:00     99
 17   23,2   26,6  14:45   18,8  06:45    0,0    4,9    0,0    1,3   14,5  12:25     98
 18   23,9   26,4  11:10   19,9  06:33    0,0    5,6    0,0    1,5   14,5  11:15    132
 19   24,6   28,1  15:30   20,3  06:57    0,0    6,3    0,0    1,2   12,9  11:00     85
 20   23,5   27,0  12:21   20,1  05:55    0,0    5,2    0,0    0,8   19,3  22:45    144
 21   23,3   27,0  11:03   20,5  23:06    0,0    5,0    0,0    1,3   14,5  00:45     46
 22   22,9   28,1  21:10   18,5  05:29    0,0    4,6    0,0    1,3   20,9  21:15    248
 23   20,7   24,8  01:10   16,5  19:23    0,0    2,4    0,2    2,1   32,2  17:55    261
 24   18,1   20,2  14:10   16,6  18:48    0,2    0,0    0,0    4,0   25,7  04:20    257
 25   19,7   23,4  14:10   15,6  03:30    0,0    1,3    0,0    5,0   27,4  03:50    285
 26   22,6   26,8  16:21   19,5  05:10    0,0    4,3    0,2    4,6   29,0  22:35    268
 27   23,2   26,9  11:52   19,5  20:15    0,0    4,8    0,0    4,9   27,4  00:10    311
 28   22,7   26,1  10:40   19,1  21:30    0,0    4,4    0,0    3,6   20,9  12:55    343
 29   22,3   26,7  10:55   17,3  00:00    0,0    3,9    0,2    3,0   20,9  12:35      2
 30   20,4   26,5  10:27   14,8  05:59    0,0    2,0    0,0    2,0   16,1  13:45     33
---------------------------------------------------------------------------------------
      23,1   29,1     08   14,8     30    0,2  142,4    0,8    2,9   32,2     23      9
    
Updated: 01/10/2023 00:00:00