Grottammare (AP) zona Ischia I°

42° 58.22' N | 013° 52.42' E | 5 metri | Visualizza sulla mappa

Sommario Climatico per June 2023

12/06/2024 16:20:00 CEST

Stazione:VantagePro2
Software:WeeWX v3.7.0
Aggiornamento Weewx:42 Giorni, 16 Ore, 15 Minuti
Aggiornamento Server:42 Giorni, 16 Ore, 15 Minuti
                   MONTHLY CLIMATOLOGICAL SUMMARY for giu 2023


NAME: Grottammare (AP) zona Ischia I°                  
ELEV: 5 metri    LAT: 42-58.22 N    LONG: 013-52.42 E


                   TEMPERATURE (°C), RAIN (mm), WIND SPEED (km/h)

                                         HEAT   COOL         AVG
      MEAN                               DEG    DEG          WIND                   DOM
DAY   TEMP   HIGH   TIME    LOW   TIME   DAYS   DAYS   RAIN  SPEED   HIGH   TIME    DIR
---------------------------------------------------------------------------------------
 01   21,0   24,4  09:44   17,2  23:15    0,0    2,7    0,0    3,3   22,5  14:20     26
 02   20,5   24,2  16:13   15,2  05:05    0,0    2,1    0,0    1,8   12,9  10:05     96
 03   21,3   25,1  08:45   16,4  04:40    0,0    2,9    0,0    1,9   19,3  13:15     47
 04   20,8   24,0  12:30   16,6  05:45    0,0    2,4    4,8    1,9   19,3  20:30     96
 05   20,1   22,6  16:00   17,9  05:49    0,0    1,8    4,8    1,2   16,1  11:50     55
 06   20,8   24,7  17:28   16,9  04:25    0,0    2,5    0,0    1,9   16,1  16:40    137
 07   21,2   24,6  15:10   16,3  05:19    0,0    2,9    0,0    1,9   16,1  14:40     81
 08   21,4   24,2  11:35   16,9  05:24    0,0    3,1    0,2    1,7   16,1  12:50     81
 09   22,6   25,4  15:24   17,9  05:55    0,0    4,2    0,0    1,6   14,5  12:50     98
 10   21,6   24,7  12:25   18,8  22:39    0,0    3,3    1,0    1,4   19,3  12:40     40
 11   22,8   26,1  09:52   18,3  03:14    0,0    4,5    0,0    4,1   29,0  17:05     23
 12   23,2   27,0  10:28   18,6  23:58    0,0    4,9    0,0    4,6   22,5  13:20    355
 13   21,4   24,6  13:40   17,6  05:20    0,0    3,1    0,0    2,3   16,1  12:35     45
 14   21,1   24,0  14:12   18,2  05:45    0,0    2,7   11,2    1,8   27,4  23:25     69
 15   21,8   24,9  14:14   18,1  04:35    0,0    3,5    7,2    3,6   20,9  12:35    344
 16   23,4   26,8  16:39   20,0  06:07    0,0    5,0    0,0    5,6   33,8  10:30    352
 17   23,2   26,4  09:45   17,7  00:00    0,0    4,9    0,0    4,4   22,5  10:50    359
 18   22,7   27,3  10:08   15,7  05:25    0,0    4,3    0,0    1,8   14,5  10:25    134
 19   23,9   27,7  16:15   18,3  04:46    0,0    5,6    0,0    1,9   16,1  13:25    131
 20   24,2   28,2  10:51   18,8  05:33    0,0    5,9    0,0    1,7   14,5  14:45     99
 21   25,4   29,2  17:35   20,3  04:10    0,0    7,1    0,0    1,5   12,9  13:10    101
 22   26,7   30,8  10:36   21,8  05:56    0,0    8,3    0,0    1,7   14,5  10:40    103
 23   26,6   32,1  14:44   23,5  02:25    0,0    8,3    0,0    2,0   22,5  20:35     31
 24   25,2   28,9  12:37   21,4  07:07    0,0    6,9    0,0    4,1   29,0  15:05      3
 25   24,8   27,4  10:40   22,3  05:50    0,0    6,4    0,0    5,7   27,4  13:35    353
 26   25,5   29,1  17:56   20,4  23:55    0,0    7,2    0,0    4,5   24,1  15:25    359
 27   25,3   30,1  09:50   18,7  04:53    0,0    6,9    0,0    1,3   14,5  12:40    119
 28   23,4   26,5  11:13   21,0  02:28    0,0    5,0    2,0    2,4   19,3  13:15     68
 29   23,4   26,6  14:55   19,2  04:36    0,0    5,1    0,0    2,0   14,5  12:25     79
 30   21,9   26,9  13:01   17,1  05:07    0,0    3,6   17,2    2,5   16,1  09:50    160
---------------------------------------------------------------------------------------
      22,9   32,1     23   15,2     02    0,0  136,9   48,4    2,6   33,8     16     50
    
Updated: 01/07/2023 00:00:00