Grottammare (AP) zona Ischia I°

42° 58.22' N | 013° 52.42' E | 5 metri | Visualizza sulla mappa

Sommario Climatico per April 2023

12/07/2024 18:40:00 CEST

Stazione:VantagePro2
Software:WeeWX v3.7.0
Aggiornamento Weewx:72 Giorni, 18 Ore, 35 Minuti
Aggiornamento Server:72 Giorni, 18 Ore, 35 Minuti
                   MONTHLY CLIMATOLOGICAL SUMMARY for apr 2023


NAME: Grottammare (AP) zona Ischia I°                  
ELEV: 5 metri    LAT: 42-58.22 N    LONG: 013-52.42 E


                   TEMPERATURE (°C), RAIN (mm), WIND SPEED (km/h)

                                         HEAT   COOL         AVG
      MEAN                               DEG    DEG          WIND                   DOM
DAY   TEMP   HIGH   TIME    LOW   TIME   DAYS   DAYS   RAIN  SPEED   HIGH   TIME    DIR
---------------------------------------------------------------------------------------
 01   15,1   20,4  10:27   11,1  00:13    3,3    0,0    0,0    3,5   41,8  03:35    223
 02   12,6   16,4  13:58    7,4  06:58    5,7    0,0    0,0    1,8   14,5  20:35     68
 03   13,1   15,4  15:49   11,2  21:50    5,3    0,0    0,4    5,8   27,4  15:55     28
 04    9,2   11,8  09:21    7,3  06:42    9,1    0,0    0,0    4,2   24,1  03:15    340
 05    8,4    9,6  16:30    7,3  08:47    9,9    0,0    0,0    2,5   20,9  02:20    331
 06    9,2   13,3  12:47    5,1  22:45    9,1    0,0    0,0    5,6   32,2  14:25    346
 07   10,0   15,1  15:35    1,7  06:37    8,4    0,0    0,0    2,8   20,9  15:35    172
 08   11,2   15,1  14:27    6,6  06:45    7,1    0,0    0,0    1,9   24,1  23:20     74
 09   11,6   14,8  12:15    9,0  03:18    6,8    0,0    4,4    3,8   24,1  16:30    320
 10   11,3   14,8  12:45    8,3  06:43    7,0    0,0    0,4    5,3   32,2  17:25    336
 11   13,1   16,2  09:28    8,8  23:30    5,2    0,0    0,0    2,9   16,1  03:15    192
 12   13,1   17,3  18:04    7,3  04:45    5,3    0,0    0,0    1,6   16,1  16:10    123
 13   12,7   16,7  14:05    9,3  03:55    5,6    0,0    0,6    3,2   33,8  20:40    333
 14   10,9   14,1  13:15    6,0  00:00    7,4    0,0    4,4    3,4   29,0  09:25    325
 15   10,1   15,3  11:50    4,6  03:58    8,2    0,0    1,6    1,5   20,9  13:25    157
 16   11,2   12,4  10:44    9,9  19:38    7,1    0,0   24,4    3,7   27,4  12:40    311
 17   13,1   15,2  13:52   11,2  02:51    5,2    0,0    0,2    3,5   20,9  00:50    261
 18   14,1   16,3  14:20   12,3  03:08    4,3    0,0    0,4    5,5   27,4  14:35    312
 19   15,0   19,7  11:15   11,4  00:00    3,4    0,0    0,0    3,9   24,1  11:25    319
 20   13,8   16,8  14:20   10,0  04:25    4,6    0,0    0,0    1,6   14,5  11:25     94
 21   14,2   17,0  13:45   10,6  02:40    4,2    0,0    0,0    2,0   14,5  12:05     48
 22   14,4   17,8  11:45    9,6  06:03    4,0    0,0    0,0    1,8   16,1  12:40     58
 23   14,8   18,7  15:20   10,4  06:30    3,6    0,0    0,0    1,7   14,5  14:15    111
 24   15,6   19,1  14:16   12,7  00:00    2,8    0,0    3,2    1,7   19,3  17:05    174
 25   13,2   17,8  16:18    8,9  06:22    5,1    0,0    1,6    2,3   25,7  16:20    118
 26   13,8   17,8  10:23    9,3  00:00    4,5    0,0    0,0    3,9   19,3  11:30      5
 27   13,2   18,1  10:00    7,2  05:57    5,1    0,0    0,0    2,1   14,5  09:00    113
 28   14,4   18,8  16:23    8,4  06:07    3,9    0,0    0,0    1,9   16,1  12:50    134
 29   15,2   18,8  12:26   10,8  05:55    3,1    0,0    0,0    0,1    6,4  10:15     94
 30   15,6   18,0  14:48   12,9  23:08    2,7    0,0    0,6    1,9   14,5  11:25    104
---------------------------------------------------------------------------------------
      12,8   20,4     01    1,7     07  166,9    0,0   42,2    2,9   41,8     01     25
    
Updated: 01/05/2023 00:00:00