Grottammare (AP) zona Ischia I°

42° 58.22' N | 013° 52.42' E | 5 metri | Visualizza sulla mappa

Sommario Climatico per March 2023

12/06/2024 16:40:00 CEST

Stazione:VantagePro2
Software:WeeWX v3.7.0
Aggiornamento Weewx:42 Giorni, 16 Ore, 35 Minuti
Aggiornamento Server:42 Giorni, 16 Ore, 35 Minuti
                   MONTHLY CLIMATOLOGICAL SUMMARY for mar 2023


NAME: Grottammare (AP) zona Ischia I°                  
ELEV: 5 metri    LAT: 42-58.22 N    LONG: 013-52.42 E


                   TEMPERATURE (°C), RAIN (mm), WIND SPEED (km/h)

                                         HEAT   COOL         AVG
      MEAN                               DEG    DEG          WIND                   DOM
DAY   TEMP   HIGH   TIME    LOW   TIME   DAYS   DAYS   RAIN  SPEED   HIGH   TIME    DIR
---------------------------------------------------------------------------------------
 01    8,7   12,9  14:20    5,1  23:20    9,6    0,0   28,2    2,4   22,5  01:00    277
 02    9,4   12,0  13:26    5,8  00:00    9,0    0,0    2,0    2,8   19,3  02:55    339
 03   10,0   12,9  12:08    9,0  02:09    8,3    0,0    0,6    1,9   14,5  09:50    269
 04   10,1   13,7  11:01    6,3  23:25    8,3    0,0    0,6    3,1   22,5  12:15    344
 05   10,2   14,4  09:38    5,6  00:00    8,1    0,0    0,0    3,0   19,3  05:05    316
 06    9,8   14,7  16:10    3,9  05:56    8,6    0,0    0,0    1,7   27,4  21:40    217
 07   11,1   15,0  15:20    4,3  05:44    7,3    0,0    0,0    1,9   20,9  03:45    161
 08   12,7   17,2  10:24    8,8  04:54    5,7    0,0    0,0    1,4   14,5  11:15     78
 09   14,7   20,4  10:52   10,2  00:30    3,6    0,0    0,0    1,2   17,7  10:15     75
 10   15,9   22,2  13:30   11,2  06:49    2,4    0,0    0,2    2,5   37,0  13:10    254
 11   15,0   22,3  12:13    9,9  23:49    3,3    0,0    0,0    2,8   27,4  00:05    222
 12   11,4   14,6  12:25    6,9  23:49    6,9    0,0    0,0    1,3   14,5  13:05     51
 13   11,3   16,2  15:32    5,1  05:35    7,0    0,0    0,0    1,9   17,7  13:05    165
 14   12,8   16,4  12:03    7,4  04:14    5,6    0,0    0,2    1,8   32,2  18:35     46
 15   11,7   14,7  00:00    8,2  20:58    6,7    0,0    1,4    3,2   32,2  12:55    331
 16   10,1   13,3  09:46    6,6  19:25    8,2    0,0    0,0    4,1   29,0  15:00      0
 17    8,4   13,1  09:10    3,1  05:50    9,9    0,0    0,0    1,5   12,9  09:40     77
 18    8,8   13,8  14:55    2,9  06:28    9,5    0,0    0,0    1,4   14,5  09:35    142
 19   10,1   14,3  12:00    4,6  04:20    8,2    0,0    0,0    0,5    9,7  10:25    110
 20   11,6   14,1  10:54    9,3  04:53    6,8    0,0    3,2    1,2   16,1  21:55     11
 21   12,5   17,1  11:41    8,8  00:00    5,8    0,0    0,2    2,3   22,5  12:55     12
 22   11,9   17,3  10:31    7,2  05:57    6,4    0,0    0,0    1,2   14,5  11:55     59
 23   12,9   18,6  10:07    6,8  04:40    5,5    0,0    0,0    1,3   14,5  15:00    111
 24   14,3   20,2  09:27    8,6  05:34    4,0    0,0    0,0    1,3   14,5  15:30     92
 25   15,0   18,6  12:35   10,8  23:55    3,3    0,0    0,0    2,2   20,9  14:30    151
 26   15,2   19,2  22:50    8,7  05:05    3,1    0,0    0,0    2,5   41,8  22:35    209
 27   12,8   18,3  00:00    8,3  23:40    5,5    0,0    4,0    3,3   30,6  22:15     11
 28   10,4   14,0  11:20    6,5  23:40    7,9    0,0    2,0    4,9   22,5  01:30    329
 29    9,8   15,8  16:10    3,5  05:30    8,5    0,0    0,0    1,5   14,5  13:30     72
 30   11,3   16,0  15:49    5,7  04:01    7,1    0,0    0,0    1,9   16,1  18:00    134
 31   12,9   16,4  09:30    8,2  03:52    5,4    0,0    0,0    1,4   16,1  14:45     55
---------------------------------------------------------------------------------------
      11,7   22,3     11    2,9     18  205,6    0,0   42,6    2,1   41,8     26     33
    
Updated: 01/04/2023 00:00:00