Grottammare (AP) zona Ischia I°

42° 58.22' N | 013° 52.42' E | 5 metri | Visualizza sulla mappa

Sommario Climatico per February 2023

21/02/2024 22:10:00 CET

Stazione:VantagePro2
Software:WeeWX v3.7.0
Aggiornamento Weewx:112 Giorni, 22 Ore, 5 Minuti
Aggiornamento Server:112 Giorni, 22 Ore, 6 Minuti
                   MONTHLY CLIMATOLOGICAL SUMMARY for feb 2023


NAME: Grottammare (AP) zona Ischia I°                  
ELEV: 5 metri    LAT: 42-58.22 N    LONG: 013-52.42 E


                   TEMPERATURE (°C), RAIN (mm), WIND SPEED (km/h)

                                         HEAT   COOL         AVG
      MEAN                               DEG    DEG          WIND                   DOM
DAY   TEMP   HIGH   TIME    LOW   TIME   DAYS   DAYS   RAIN  SPEED   HIGH   TIME    DIR
---------------------------------------------------------------------------------------
 01    6,2   14,2  15:46    0,3  06:40   12,1    0,0    0,0    0,3    9,7  18:00     47
 02    8,5   13,9  15:20    2,4  07:25    9,8    0,0    0,0    0,8   17,7  03:15     80
 03   10,1   14,3  15:30    4,6  07:45    8,2    0,0    0,0    0,9   17,7  12:40    161
 04    9,6   14,5  13:20    4,3  07:20    8,7    0,0    0,0    2,1   24,1  19:15     64
 05    5,9    8,2  00:00    3,6  19:47   12,5    0,0    0,0    2,8   22,5  00:20     52
 06    4,3    6,4  11:09    1,3  02:06   14,0    0,0    0,0    2,6   22,5  10:25     37
 07    4,8    7,8  12:37    1,9  01:50   13,6    0,0    0,0    1,5   17,7  07:50      4
 08    5,2    7,6  14:20    3,6  07:35   13,2    0,0    0,6    3,0   19,3  07:15    292
 09    3,6    5,4  13:58    1,0  04:15   14,7    0,0    9,6    3,6   22,5  02:35    320
 10    5,1    8,9  13:52    2,5  05:39   13,3    0,0    0,0    5,4   29,0  18:15    275
 11    6,5   11,7  12:01    1,2  23:37   11,8    0,0    0,0    3,3   24,1  08:50    282
 12    6,6   12,4  14:35    0,2  07:20   11,7    0,0    0,0    0,6   14,5  14:05     33
 13    6,7   11,8  16:15    3,1  05:01   11,7    0,0    0,0    0,9   16,1  13:00     39
 14    8,9   16,1  12:10    3,6  00:00    9,5    0,0    0,0    2,3   24,1  13:25    319
 15    7,2   13,8  11:04    2,1  06:53   11,1    0,0    0,0    0,6    9,7  12:20     78
 16    7,1   13,7  14:50    0,9  06:47   11,2    0,0    0,0    0,7   12,9  15:00    136
 17    8,2   13,4  09:37    3,1  03:35   10,1    0,0    0,0    0,6    9,7  06:35     82
 18    7,9   12,8  16:15    2,8  06:50   10,5    0,0    0,0    0,9   11,3  14:20     85
 19    9,3   15,3  11:10    3,7  07:02    9,0    0,0    0,0    1,2   19,3  13:55    148
 20    8,9   14,3  12:09    4,6  06:00    9,5    0,0    0,0    1,0   12,9  13:25     50
 21    9,2   13,8  13:41    3,8  06:09    9,2    0,0    0,2    0,6   11,3  11:10     97
 22   11,5   14,6  13:27    8,2  00:00    6,9    0,0    0,0    0,4    9,7  11:35     87
 23   10,8   14,4  15:45    7,4  00:46    7,5    0,0    0,0    1,1   16,1  15:50    147
 24    9,4   12,5  13:58    5,9  05:55    9,0    0,0    0,0    0,9   12,9  13:55     56
 25   11,5   14,1  16:20    8,1  06:24    6,9    0,0    0,0    0,2   11,3  20:25    229
 26    9,6   12,8  09:50    7,2  20:14    8,7    0,0   18,8    1,2   22,5  21:15      5
 27    8,1    8,9  09:44    7,4  22:13   10,3    0,0   14,4    1,6   17,7  16:15    304
 28    8,4   11,1  14:15    6,8  05:46    9,9    0,0    5,4    3,7   20,9  20:55    265
---------------------------------------------------------------------------------------
       7,8   16,1     14    0,2     12  294,5    0,0   49,0    1,6   29,0     10    338
    
Updated: 01/03/2023 00:00:00