Grottammare (AP) zona Ischia I°

42° 58.22' N | 013° 52.42' E | 5 metri | Visualizza sulla mappa

Sommario Climatico per November 2022

31/01/2023 11:25:00 CET

Stazione:VantagePro2
Software:WeeWX v3.7.0
Aggiornamento Weewx:60 Giorni, 16 Ore, 0 Minuti
Aggiornamento Server:60 Giorni, 16 Ore, 0 Minuti
                   MONTHLY CLIMATOLOGICAL SUMMARY for nov 2022


NAME: Grottammare (AP) zona Ischia I°                  
ELEV: 5 metri    LAT: 42-58.22 N    LONG: 013-52.42 E


                   TEMPERATURE (°C), RAIN (mm), WIND SPEED (km/h)

                                         HEAT   COOL         AVG
      MEAN                               DEG    DEG          WIND                   DOM
DAY   TEMP   HIGH   TIME    LOW   TIME   DAYS   DAYS   RAIN  SPEED   HIGH   TIME    DIR
---------------------------------------------------------------------------------------
 01   15,9   21,4  10:15   11,2  05:06    2,5    0,0    0,0    0,7   12,9  12:40     46
 02   16,4   21,3  10:20   12,1  02:41    1,9    0,0    0,0    0,8   14,5  13:15     41
 03   16,4   20,1  13:09   12,8  06:55    1,9    0,0    0,0    0,7   11,3  12:25     88
 04   16,7   19,9  12:49   13,2  23:57    1,6    0,0   19,6    0,8   19,3  12:55    262
 05   14,6   16,2  22:01   12,9  00:31    3,7    0,0    3,4    4,3   29,0  12:15      7
 06   15,2   18,8  11:59   13,2  02:15    3,2    0,0    0,6    3,7   22,5  06:45    275
 07   14,9   19,7  09:32    9,7  23:54    3,5    0,0    0,0    2,4   20,9  02:10    309
 08   12,8   18,3  15:35    8,2  06:57    5,5    0,0    0,0    0,7   11,3  12:50    108
 09   13,7   18,6  11:45    8,7  07:15    4,7    0,0    0,0    0,8   12,9  12:35    151
 10   14,9   19,2  10:42    9,7  06:20    3,4    0,0    0,0    0,8   14,5  22:50    126
 11   16,9   20,8  12:30   14,9  23:17    1,5    0,0    0,0    2,8   22,5  14:50    282
 12   16,2   20,2  13:40   11,4  00:00    2,1    0,0    0,0    2,6   20,9  18:40    275
 13   12,0   14,3  05:00    8,6  23:49    6,3    0,0    8,4    1,8   24,1  08:10    267
 14   12,7   15,3  14:15    8,7  00:05    5,7    0,0    0,6    1,3   17,7  18:30    271
 15   12,4   15,7  10:55    7,1  06:47    6,0    0,0    0,8    0,6   12,9  13:35    140
 16   15,1   17,3  12:40   12,7  23:52    3,2    0,0    2,2    0,7   16,1  22:30    254
 17   14,0   17,9  14:02    9,7  06:35    4,3    0,0    0,2    1,0   16,1  10:35    217
 18   15,2   20,8  14:05   12,1  23:25    3,1    0,0    2,0    0,7   25,7  13:50     15
 19   13,7   15,8  12:30   11,7  00:28    4,6    0,0    5,6    1,1   27,4  22:50    263
 20   12,2   14,3  12:49   10,8  22:19    6,1    0,0    0,2    3,6   27,4  02:25    278
 21   12,5   15,7  14:40    9,1  06:30    5,8    0,0    0,0    1,9   17,7  03:40    191
 22   14,0   17,7  13:55   11,8  08:30    4,3    0,0    4,6    5,3   41,8  13:45    237
 23   12,3   16,3  13:46    8,6  21:10    6,0    0,0    0,2    2,9   33,8  07:15     23
 24   10,6   15,1  12:05    6,7  02:34    7,8    0,0    0,0    0,5    9,7  12:45     46
 25   10,3   16,4  11:36    5,4  03:32    8,1    0,0    0,0    0,4    9,7  11:55    140
 26   12,8   14,7  18:00   10,3  23:59    5,5    0,0    2,4    2,1   20,9  11:40      5
 27   12,5   15,2  11:38   10,1  00:14    5,8    0,0    0,0    3,3   20,9  01:40    304
 28   11,0   14,4  11:16    8,9  23:24    7,3    0,0    0,0    1,8   20,9  01:25    295
 29    9,9   11,7  14:25    8,4  02:50    8,5    0,0    9,4    0,6   16,1  15:25    298
 30    9,7   11,8  01:44    8,3  21:05    8,6    0,0    0,6    4,2   24,1  04:55    271
---------------------------------------------------------------------------------------
      13,6   21,4     01    5,4     25  142,5    0,0   60,8    1,8   41,8     22    280
    
Updated: 01/12/2022 00:00:00