Grottammare (AP) zona Ischia I°

42° 58.22' N | 013° 52.42' E | 5 metri | Visualizza sulla mappa

Sommario Climatico per October 2022

31/01/2023 11:35:00 CET

Stazione:VantagePro2
Software:WeeWX v3.7.0
Aggiornamento Weewx:60 Giorni, 16 Ore, 10 Minuti
Aggiornamento Server:60 Giorni, 16 Ore, 10 Minuti
                   MONTHLY CLIMATOLOGICAL SUMMARY for ott 2022


NAME: Grottammare (AP) zona Ischia I°                  
ELEV: 5 metri    LAT: 42-58.22 N    LONG: 013-52.42 E


                   TEMPERATURE (°C), RAIN (mm), WIND SPEED (km/h)

                                         HEAT   COOL         AVG
      MEAN                               DEG    DEG          WIND                   DOM
DAY   TEMP   HIGH   TIME    LOW   TIME   DAYS   DAYS   RAIN  SPEED   HIGH   TIME    DIR
---------------------------------------------------------------------------------------
 01   19,0   21,9  14:03   15,6  23:59    0,0    0,7    1,2    1,5   19,3  11:45     40
 02   18,4   23,3  16:06   12,9  04:46    0,0    0,0    0,2    1,4   17,7  17:30    121
 03   18,4   25,2  11:49   13,7  06:51    0,0    0,1    0,0    1,3   20,9  13:50     34
 04   17,6   22,2  13:57   12,6  07:29    0,8    0,0    0,0    1,4   16,1  12:25    143
 05   17,2   21,9  12:31   12,1  06:10    1,2    0,0    0,0    1,3   14,5  10:40    114
 06   17,4   21,7  15:46   12,6  06:55    1,0    0,0    0,0    1,3   14,5  12:30     50
 07   20,1   24,2  11:12   16,4  00:00    0,0    1,8    0,0    1,8   19,3  12:45    359
 08   18,6   22,7  14:23   14,8  05:37    0,0    0,3    0,0    1,1   12,9  13:35    104
 09   18,3   22,0  12:53   15,0  06:45    0,0    0,0    0,0    1,3   14,5  12:05     54
 10   18,5   21,8  11:35   15,1  07:28    0,0    0,2    0,0    1,3   14,5  13:25     78
 11   19,5   22,6  13:50   16,7  01:50    0,0    1,2    0,0    2,0   22,5  15:15     13
 12   19,4   22,5  10:17   16,3  00:40    0,0    1,1    0,0    2,3   16,1  10:25     28
 13   18,1   20,7  15:30   14,6  00:00    0,3    0,0    0,8    0,8   17,7  17:20     28
 14   18,7   22,6  10:56   13,8  00:56    0,0    0,4    0,0    2,6   20,9  13:15    340
 15   17,2   21,9  12:17   12,4  07:35    1,1    0,0    0,0    1,0   12,9  14:00    100
 16   17,0   21,9  15:33   12,3  06:18    1,4    0,0    0,0    1,0   14,5  14:05     98
 17   17,2   22,2  12:30   12,7  05:20    1,1    0,0    0,0    1,2   16,1  13:50     51
 18   17,3   21,9  13:08   12,8  07:11    1,0    0,0    0,0    0,9   12,9  14:25     58
 19   19,8   25,2  11:37   14,9  00:00    0,0    1,5    0,0    2,2   24,1  14:05      0
 20   17,0   22,2  10:53   13,0  07:40    1,3    0,0    0,0    1,0   12,9  13:15     67
 21   16,8   21,1  14:50   11,4  07:17    1,5    0,0    0,0    0,6   12,9  18:10    148
 22   17,8   20,8  11:25   14,4  06:11    0,6    0,0    0,0    0,1    6,4  10:35     42
 23   18,6   22,3  10:32   15,8  00:35    0,0    0,3    0,0    0,9   12,9  13:10     74
 24   17,7   20,8  12:25   14,6  03:33    0,6    0,0    0,0    0,6   11,3  16:15     84
 25   17,7   21,6  13:25   14,8  00:00    0,6    0,0    0,2    0,3   11,3  11:30     49
 26   17,6   23,1  14:00   13,3  06:16    0,7    0,0    0,0    0,6    8,0  14:50     58
 27   17,0   21,3  12:37   13,1  05:42    1,3    0,0    0,0    1,1   14,5  14:50     49
 28   17,4   22,4  10:48   13,9  06:30    1,0    0,0    0,0    1,1   16,1  12:40     40
 29   17,0   22,2  12:14   12,9  05:52    1,4    0,0    0,0    0,9   16,1  13:40     44
 30   16,3   22,5  13:14   11,0  06:25    2,0    0,0    0,0    0,6   16,1  13:20     45
 31   16,1   22,6  11:05   11,1  06:15    2,3    0,0    0,0    0,6    9,7  12:05     63
---------------------------------------------------------------------------------------
      17,9   25,2     03   11,0     30   21,2    7,4    2,4    1,2   24,1     19     57
    
Updated: 01/11/2022 00:00:00