Grottammare (AP) zona Ischia I°

42° 58.22' N | 013° 52.42' E | 5 metri | Visualizza sulla mappa

Sommario Climatico per July 2022

31/01/2023 11:30:00 CET

Stazione:VantagePro2
Software:WeeWX v3.7.0
Aggiornamento Weewx:60 Giorni, 16 Ore, 5 Minuti
Aggiornamento Server:60 Giorni, 16 Ore, 5 Minuti
                   MONTHLY CLIMATOLOGICAL SUMMARY for lug 2022


NAME: Grottammare (AP) zona Ischia I°                  
ELEV: 5 metri    LAT: 42-58.22 N    LONG: 013-52.42 E


                   TEMPERATURE (°C), RAIN (mm), WIND SPEED (km/h)

                                         HEAT   COOL         AVG
      MEAN                               DEG    DEG          WIND                   DOM
DAY   TEMP   HIGH   TIME    LOW   TIME   DAYS   DAYS   RAIN  SPEED   HIGH   TIME    DIR
---------------------------------------------------------------------------------------
 01   26,6   29,6  14:06   21,4  05:52    0,0    8,3    0,0    1,2   14,5  11:15    123
 02   26,8   29,9  14:25   21,3  05:50    0,0    8,4    0,0    2,2   25,7  12:00     27
 03   27,0   30,3  11:03   21,8  05:23    0,0    8,7    0,0    1,4   14,5  14:05     50
 04   27,7   31,6  10:02   21,6  05:49    0,0    9,4    0,0    1,2   14,5  14:55     69
 05   28,1   31,5  08:35   24,3  00:20    0,0    9,7    0,0    1,7   22,5  13:00     34
 06   27,2   30,1  09:05   22,6  05:23    0,0    8,9    0,0    1,5   17,7  14:45     59
 07   26,1   30,1  13:26   21,4  23:25    0,0    7,7    1,6    1,8   25,7  20:35     60
 08   24,3   26,8  12:55   20,3  00:50    0,0    6,0    0,8    4,1   32,2  12:40     13
 09   24,2   26,7  13:15   21,5  05:19    0,0    5,8    0,0    3,2   25,7  16:50     25
 10   24,6   27,5  14:35   20,4  00:00    0,0    6,2    0,0    2,8   20,9  10:10     38
 11   23,9   26,8  14:09   18,6  04:50    0,0    5,6    0,0    2,4   16,1  14:15    109
 12   23,8   26,8  16:56   19,6  00:00    0,0    5,5    6,6    2,3   22,5  10:00    124
 13   23,1   27,6  14:55   17,7  05:45    0,0    4,7    0,2    1,6   12,9  09:50     78
 14   24,3   31,3  10:45   16,8  06:05    0,0    6,0    0,0    1,7   16,1  13:15     93
 15   25,5   31,1  10:15   18,3  05:15    0,0    7,1    0,0    1,6   12,9  10:50     87
 16   27,2   31,4  18:49   20,8  05:50    0,0    8,9    0,0    1,4   11,3  12:05     69
 17   27,1   31,2  08:20   22,0  05:01    0,0    8,8    0,0    2,2   19,3  11:10     40
 18   26,8   29,6  14:40   21,8  23:59    0,0    8,5    0,0    2,1   19,3  09:35     48
 19   25,6   29,9  10:02   20,4  00:00    0,0    7,2    0,0    2,4   19,3  13:20     45
 20   24,8   29,7  11:30   17,9  05:21    0,0    6,4    0,0    1,9   14,5  11:20     56
 21   25,8   29,8  10:16   19,9  05:50    0,0    7,5    0,0    1,5   14,5  13:25     99
 22   26,5   30,2  17:01   21,7  06:00    0,0    8,2    0,0    1,5   11,3  11:00     80
 23   27,4   31,3  11:30   21,9  06:05    0,0    9,1    0,0    1,4   14,5  16:50     91
 24   27,9   32,4  12:25   23,1  04:50    0,0    9,6    0,0    1,5   16,1  12:45     50
 25   28,0   31,9  10:28   23,3  05:58    0,0    9,7    0,0    1,6   14,5  12:35     52
 26   29,6   32,3  10:10   26,4  06:30    0,0   11,3    0,0    2,1   20,9  13:35     52
 27   27,0   30,7  08:10   24,6  16:19    0,0    8,7    5,4    1,9   22,5  17:20      5
 28   26,7   29,2  13:20   22,4  06:03    0,0    8,4    0,0    2,3   17,7  11:35     54
 29   26,8   29,9  12:45   23,0  06:05    0,0    8,5    0,0    1,8   17,7  19:30     66
 30   26,0   29,4  11:08   22,8  05:49    0,0    7,7    8,6    1,8   24,1  14:10     45
 31   26,4   29,4  15:25   21,4  23:55    0,0    8,0    0,0    2,8   17,7  11:05     42
---------------------------------------------------------------------------------------
      26,2   32,4     24   16,8     14    0,0  244,4   23,2    2,0   32,2     08     57
    
Updated: 01/08/2022 00:00:00