Grottammare (AP) zona Ischia I°

42° 58.22' N | 013° 52.42' E | 5 metri | Visualizza sulla mappa

Sommario Climatico per June 2022

31/01/2023 11:40:00 CET

Stazione:VantagePro2
Software:WeeWX v3.7.0
Aggiornamento Weewx:60 Giorni, 16 Ore, 15 Minuti
Aggiornamento Server:60 Giorni, 16 Ore, 15 Minuti
                   MONTHLY CLIMATOLOGICAL SUMMARY for giu 2022


NAME: Grottammare (AP) zona Ischia I°                  
ELEV: 5 metri    LAT: 42-58.22 N    LONG: 013-52.42 E


                   TEMPERATURE (°C), RAIN (mm), WIND SPEED (km/h)

                                         HEAT   COOL         AVG
      MEAN                               DEG    DEG          WIND                   DOM
DAY   TEMP   HIGH   TIME    LOW   TIME   DAYS   DAYS   RAIN  SPEED   HIGH   TIME    DIR
---------------------------------------------------------------------------------------
 01   22,3   25,7  17:00   17,9  05:30    0,0    4,0    0,0    1,1   12,9  11:40     86
 02   23,6   27,0  17:00   18,5  05:38    0,0    5,3    0,0    0,8   16,1  17:15     81
 03   24,1   28,3  15:40   19,2  05:40    0,0    5,8    0,0    0,6   14,5  15:50     90
 04   24,2   26,9  13:00   21,3  02:25    0,0    5,9    0,0    1,0   14,5  10:35     57
 05   25,2   32,6  23:30   20,8  04:15    0,0    6,8    0,0    0,4   17,7  23:25    109
 06   26,8   31,8  09:25   21,1  23:30    0,0    8,4    0,0    2,1   27,4  12:20     25
 07   24,0   28,8  11:42   18,4  05:55    0,0    5,6    0,6    0,9   16,1  14:05     69
 08   22,6   25,8  15:48   17,3  05:50    0,0    4,3    0,6    1,5   22,5  16:15     42
 09   20,3   23,2  16:35   17,9  20:43    0,0    2,0   11,4    1,7   30,6  22:30      2
 10   21,0   25,2  17:23   18,1  05:30    0,0    2,7    1,4    2,3   29,0  00:35     27
 11   23,8   27,7  11:21   20,6  05:37    0,0    5,5    0,0    3,1   32,2  15:50     12
 12   24,6   28,4  09:55   20,0  23:36    0,0    6,3    0,0    3,0   29,0  12:15     20
 13   24,8   30,6  09:56   19,1  05:35    0,0    6,4    0,0    0,8   19,3  13:45     56
 14   23,6   27,3  08:00   19,6  23:51    0,0    5,3    0,0    1,0   16,1  09:45     48
 15   23,6   26,6  10:00   17,8  05:50    0,0    5,3    0,0    0,8   17,7  21:30    103
 16   24,9   27,8  09:15   20,7  05:40    0,0    6,6    0,0    0,7   12,9  17:00     68
 17   25,1   27,9  14:45   21,7  02:28    0,0    6,8    0,0    1,2   16,1  14:35     48
 18   24,6   28,5  10:11   19,8  00:00    0,0    6,3    0,0    1,5   20,9  15:35     46
 19   23,6   26,6  15:13   18,2  05:58    0,0    5,3    0,0    1,1   14,5  13:00     73
 20   24,4   28,3  13:00   18,0  05:53    0,0    6,0    0,0    1,1   16,1  16:45    130
 21   25,6   29,4  14:58   20,3  05:25    0,0    7,3    0,0    0,7   16,1  16:15    136
 22   26,6   29,6  09:40   22,1  05:55    0,0    8,2    0,0    0,5   14,5  02:05     89
 23   26,5   29,9  08:51   23,1  03:00    0,0    8,2    0,0    0,2    8,0  10:25     72
 24   27,3   30,6  21:45   23,1  06:00    0,0    9,0    0,0    1,1   22,5  21:35    141
 25   26,7   29,6  11:00   22,7  05:57    0,0    8,3    0,0    1,1   29,0  01:00    147
 26   26,1   29,5  08:38   21,1  04:09    0,0    7,8    0,0    0,9   14,5  14:30     86
 27   26,6   30,1  20:05   21,3  05:50    0,0    8,3    0,0    0,6   14,5  12:25    124
 28   26,9   30,1  10:37   22,4  06:13    0,0    8,6    0,0    0,7   17,7  16:25     59
 29   26,6   29,7  14:43   22,1  06:03    0,0    8,2    0,0    1,9   17,7  14:45     49
 30   26,7   29,8  15:35   21,6  05:48    0,0    8,4    0,0    1,4   14,5  13:50     96
---------------------------------------------------------------------------------------
      24,8   32,6     05   17,3     08    0,0  192,8   14,0    1,2   32,2     11     57
    
Updated: 01/07/2022 00:00:00