Grottammare (AP) zona Ischia I°

42° 58.22' N | 013° 52.42' E | 5 metri | Visualizza sulla mappa

Sommario Climatico per January 2022

31/01/2023 12:20:00 CET

Stazione:VantagePro2
Software:WeeWX v3.7.0
Aggiornamento Weewx:60 Giorni, 16 Ore, 55 Minuti
Aggiornamento Server:60 Giorni, 16 Ore, 55 Minuti
                   MONTHLY CLIMATOLOGICAL SUMMARY for gen 2022


NAME: Grottammare (AP) zona Ischia I°                  
ELEV: 5 metri    LAT: 42-58.22 N    LONG: 013-52.42 E


                   TEMPERATURE (°C), RAIN (mm), WIND SPEED (km/h)

                                         HEAT   COOL         AVG
      MEAN                               DEG    DEG          WIND                   DOM
DAY   TEMP   HIGH   TIME    LOW   TIME   DAYS   DAYS   RAIN  SPEED   HIGH   TIME    DIR
---------------------------------------------------------------------------------------
 01    6,1    8,9  14:10    3,6  07:50   12,2    0,0    0,0    0,0    4,8  12:25     56
 02    6,2    9,7  13:50    3,7  23:27   12,1    0,0    0,0    0,0    4,8  09:45     21
 03    9,0   12,4  17:20    3,6  01:10    9,4    0,0    0,2    0,2   17,7  02:45    269
 04    8,3   13,2  13:51    5,2  03:26   10,1    0,0    0,0    0,0    4,8  04:50     69
 05    9,4   13,5  15:10    4,8  07:00    8,9    0,0    0,2    0,0    8,0  12:35     45
 06    9,0   10,5  13:24    7,7  07:06    9,3    0,0    0,0    0,6   19,3  22:15    289
 07    8,8   11,8  11:24    6,9  19:47    9,6    0,0    0,0    0,6   24,1  13:55    300
 08    6,5   10,1  13:23    2,1  00:00   11,8    0,0    0,0    1,1   17,7  05:10    275
 09    3,6    6,9  09:40    0,3  07:58   14,8    0,0   10,2    0,8   27,4  22:55    264
 10    7,8   10,0  14:25    4,2  00:45   10,6    0,0    0,2    3,7   27,4  02:05    350
 11    8,6   11,8  13:35    4,9  23:30    9,7    0,0    0,0    3,9   24,1  18:05    293
 12    6,8   10,6  12:54    4,4  05:10   11,5    0,0    2,8    3,3   24,1  23:10    280
 13    7,8   12,1  14:00    5,2  05:34   10,5    0,0    0,0    4,6   27,4  04:50    263
 14    9,2   15,8  14:11    5,4  19:25    9,2    0,0    0,0    1,9   25,7  01:35    264
 15    7,4   13,4  11:30    3,3  05:25   10,9    0,0    0,0    0,2   11,3  12:25     34
 16    6,6   11,2  13:15    1,9  06:20   11,8    0,0    0,0    0,0    9,7  19:05     34
 17    6,2   12,2  11:18    2,8  00:00   12,1    0,0    0,2    0,2   17,7  14:10     29
 18    5,9   13,4  15:34    1,0  06:05   12,5    0,0    0,0    0,0   11,3  13:15     50
 19    4,9   10,4  12:16    0,9  07:12   13,5    0,0    0,0    0,1    8,0  13:15     54
 20    5,9   10,4  12:15    1,2  03:55   12,4    0,0    1,2    0,0   16,1  15:15     31
 21    6,3    9,2  10:56    1,2  00:00   12,0    0,0    2,0    0,7   22,5  08:30    270
 22    5,7   10,3  11:36   -0,8  03:00   12,6    0,0    0,2    1,7   20,9  06:25    335
 23    6,6   12,0  12:46    0,2  04:55   11,8    0,0    0,0    0,5   16,1  06:40    237
 24    7,6    8,3  14:18    3,6  00:00   10,8    0,0    0,4    2,1   22,5  01:20    276
 25    4,4   10,3  13:25   -0,2  04:40   13,9    0,0    0,0    0,5   17,7  14:20     36
 26    2,8    7,2  10:05   -0,7  07:15   15,6    0,0    0,0    0,6   12,9  10:40     49
 27    4,1    7,0  16:06    1,8  07:05   14,2    0,0    0,0    0,1    6,4  08:00     80
 28    5,7   10,0  12:55    1,8  07:23   12,7    0,0    0,2    0,9   20,9  20:40    283
 29    7,3   13,0  10:45    1,7  23:37   11,0    0,0    0,0    1,4   20,9  01:30    293
 30    5,8   13,4  11:20    0,5  03:56   12,6    0,0    0,0    0,1    8,0  15:00    107
 31    6,5   11,3  13:59    0,5  07:40   11,8    0,0    1,0    0,4   32,2  22:30     13
---------------------------------------------------------------------------------------
       6,7   15,8     14   -0,8     22  361,8    0,0   18,8    1,0   32,2     31    287
    
Updated: 01/02/2022 00:00:00