Grottammare (AP) zona Ischia I°

42° 58.22' N | 013° 52.42' E | 5 metri | Visualizza sulla mappa

Sommario Climatico per November 2021

31/01/2023 10:25:00 CET

Stazione:VantagePro2
Software:WeeWX v3.7.0
Aggiornamento Weewx:60 Giorni, 15 Ore, 0 Minuti
Aggiornamento Server:60 Giorni, 15 Ore, 0 Minuti
                   MONTHLY CLIMATOLOGICAL SUMMARY for nov 2021


NAME: Grottammare (AP) zona Ischia I°                  
ELEV: 5 metri    LAT: 42-58.22 N    LONG: 013-52.42 E


                   TEMPERATURE (°C), RAIN (mm), WIND SPEED (km/h)

                                         HEAT   COOL         AVG
      MEAN                               DEG    DEG          WIND                   DOM
DAY   TEMP   HIGH   TIME    LOW   TIME   DAYS   DAYS   RAIN  SPEED   HIGH   TIME    DIR
---------------------------------------------------------------------------------------
 01   15,9   17,7  19:14   13,9  04:40    2,4    0,0    0,8    0,5   19,3  20:55    190
 02   16,1   20,6  14:08   11,7  06:45    2,2    0,0    0,0    0,4   20,9  02:15     50
 03   13,7   16,4  15:51   11,3  04:40    4,6    0,0    3,4    0,1    9,7  23:25      9
 04   15,8   21,0  12:17   10,3  00:00    2,5    0,0    2,6    0,2   19,3  15:20    266
 05   13,4   16,4  11:37    9,8  02:59    4,9    0,0    3,2    0,3   14,5  19:20    265
 06   13,9   15,6  12:36   12,3  23:38    4,5    0,0    4,8    0,9   20,9  22:25    262
 07   13,2   15,4  11:59   11,2  04:52    5,1    0,0    0,8    0,1    9,7  00:10     18
 08   14,0   15,3  13:00   13,3  00:00    4,3    0,0    3,2    0,2   17,7  23:25    261
 09   13,8   14,7  13:35   12,7  05:57    4,5    0,0    2,4    2,6   24,1  20:00    260
 10   14,9   16,6  11:43   13,4  23:13    3,5    0,0    0,0    0,7   17,7  01:35    296
 11   14,5   15,9  10:15   13,1  06:26    3,8    0,0    0,0    0,2   12,9  13:35     27
 12   14,6   16,8  10:00   12,9  00:00    3,7    0,0    0,0    0,1    6,4  10:10     57
 13   14,3   17,1  11:35   11,6  07:24    4,0    0,0    0,2    0,1    6,4  11:35     85
 14   13,2   16,4  12:22   10,2  05:16    5,1    0,0    0,2    0,2   11,3  12:25     46
 15   14,8   17,4  11:30   11,4  05:11    3,5    0,0    0,8    0,2   12,9  11:00     41
 16   14,7   17,2  14:00   12,9  20:39    3,7    0,0   32,8    1,7   27,4  11:20     39
 17   13,4   15,1  12:00   12,2  04:06    4,9    0,0    0,2    0,5   14,5  00:35     19
 18   13,8   15,7  14:55   13,0  00:00    4,5    0,0    2,6    1,4   20,9  11:25    262
 19   13,3   16,2  10:36    8,9  00:00    5,0    0,0    0,0    1,4   24,1  13:45     10
 20   11,0   14,8  10:05    7,3  03:44    7,3    0,0    0,0    0,5   16,1  12:25     31
 21   11,3   13,6  14:55    8,9  00:00    7,0    0,0    0,0    0,3   11,3  05:45    347
 22   12,1   15,1  12:08    8,4  02:59    6,2    0,0    0,0    0,4   16,1  23:45    338
 23   13,0   14,3  02:29   11,8  08:24    5,3    0,0    6,2    1,7   27,4  01:05    316
 24   12,1   13,9  13:15   10,9  07:16    6,2    0,0    0,0    1,0   17,7  05:10    266
 25   12,2   14,7  13:33   11,1  04:00    6,1    0,0    0,6    0,1   11,3  12:55     87
 26   11,1   12,8  15:12    8,7  22:40    7,2    0,0    0,8    0,1   11,3  23:00     99
 27   13,1   19,0  12:25    9,2  06:09    5,2    0,0    0,0    0,6   20,9  03:20    257
 28   10,4   13,9  14:26    6,6  00:00    7,9    0,0    0,0    0,5   20,9  19:50    273
 29    6,6   10,7  10:46    4,3  19:19   11,7    0,0    3,6    1,9   27,4  20:55    282
 30    7,5   13,2  14:15    2,1  00:00   10,9    0,0    0,0    1,6   25,7  00:15    263
---------------------------------------------------------------------------------------
      13,1   21,0     04    2,1     01  158,1    0,0   69,2    0,7   27,4     16    286
    
Updated: 01/12/2021 00:00:00