Grottammare (AP) zona Ischia I°

42° 58.22' N | 013° 52.42' E | 5 metri | Visualizza sulla mappa

Sommario Climatico per July 2021

31/01/2023 10:30:00 CET

Stazione:VantagePro2
Software:WeeWX v3.7.0
Aggiornamento Weewx:60 Giorni, 15 Ore, 5 Minuti
Aggiornamento Server:60 Giorni, 15 Ore, 5 Minuti
                   MONTHLY CLIMATOLOGICAL SUMMARY for lug 2021


NAME: Grottammare (AP) zona Ischia I°                  
ELEV: 5 metri    LAT: 42-58.22 N    LONG: 013-52.42 E


                   TEMPERATURE (°C), RAIN (mm), WIND SPEED (km/h)

                                         HEAT   COOL         AVG
      MEAN                               DEG    DEG          WIND                   DOM
DAY   TEMP   HIGH   TIME    LOW   TIME   DAYS   DAYS   RAIN  SPEED   HIGH   TIME    DIR
---------------------------------------------------------------------------------------
 01   25,6   28,9  12:56   19,4  05:23    0,0    7,3    0,0    1,6   16,1  13:25     81
 02   25,6   28,8  12:30   20,8  02:54    0,0    7,3    0,0    1,9   16,1  03:55     45
 03   25,3   28,8  15:50   20,2  05:25    0,0    7,0    0,0    1,6   17,7  19:10    115
 04   25,8   28,9  16:53   21,8  01:23    0,0    7,5    0,0    1,1   16,1  12:20    108
 05   25,6   30,9  12:19   21,6  23:58    0,0    7,3    0,0    2,6   32,2  16:40     23
 06   25,1   28,9  14:42   19,1  05:50    0,0    6,7    0,0    1,3   14,5  15:30     92
 07   26,0   29,7  15:07   20,4  05:36    0,0    7,7    0,0    1,4   14,5  10:45    108
 08   26,9   30,6  16:16   22,1  05:55    0,0    8,6    0,0    1,1   16,1  18:40    106
 09   26,3   28,4  12:45   21,9  23:55    0,0    8,0    0,0    2,1   19,3  03:50     45
 10   26,1   29,5  08:35   20,8  04:28    0,0    7,7    0,0    2,8   30,6  15:05     27
 11   25,5   29,7  09:57   19,4  05:01    0,0    7,1    0,0    1,1   12,9  14:40     75
 12   26,3   30,1  13:35   20,4  06:01    0,0    7,9    0,0    1,2   14,5  12:25    106
 13   26,3   29,3  18:20   21,9  05:16    0,0    8,0    0,0    0,6   12,9  20:35     69
 14   25,2   27,9  11:50   21,5  00:00    0,0    6,9    0,0    2,3   20,9  11:55     48
 15   24,3   28,2  12:00   19,1  05:52    0,0    5,9    0,0    1,7   14,5  11:25     74
 16   24,2   28,5  10:20   21,4  19:50    0,0    5,9    0,2    2,5   29,0  15:50     13
 17   21,4   23,7  16:55   18,7  13:35    0,0    3,1   25,0    2,3   32,2  14:45    272
 18   25,0   27,9  10:40   22,1  04:00    0,0    6,7    0,2    3,9   32,2  13:15      9
 19   25,4   28,6  12:15   22,4  23:40    0,0    7,1    0,0    3,4   29,0  13:05    357
 20   25,8   29,4  09:45   21,4  23:35    0,0    7,4    0,0    2,4   19,3  11:15     15
 21   24,8   28,2  14:55   19,7  05:27    0,0    6,5    0,0    1,0   12,9  13:25     67
 22   24,6   27,4  14:25   20,3  06:10    0,0    6,3    0,0    1,2   12,9  12:30     71
 23   25,0   28,4  12:08   20,2  05:53    0,0    6,7    0,0    1,3   14,5  13:05     61
 24   26,0   29,2  09:16   20,5  05:55    0,0    7,7    0,0    1,2   16,1  16:30    149
 25   27,0   31,1  19:25   24,2  00:23    0,0    8,7    0,2    0,8   22,5  04:40    175
 26   26,9   29,9  09:26   23,8  00:00    0,0    8,6    0,2    0,3   12,9  19:30    107
 27   26,7   32,4  12:43   22,4  02:57    0,0    8,4    0,0    0,6   11,3  14:40    100
 28   27,3   33,5  10:55   20,7  05:25    0,0    8,9    0,0    1,1   16,1  18:50     80
 29   27,8   31,2  12:25   22,2  06:20    0,0    9,4    0,0    0,6    9,7  13:25     73
 30   27,5   32,4  14:50   21,3  05:47    0,0    9,2    0,0    0,9   12,9  13:45    100
 31   28,1   32,3  13:07   22,6  06:01    0,0    9,8    0,0    0,8   11,3  13:15     76
---------------------------------------------------------------------------------------
      25,8   33,5     28   18,7     17    0,0  231,2   25,8    1,6   32,2     05     57
    
Updated: 01/08/2021 00:00:00