Grottammare (AP) zona Ischia I°

42° 58.22' N | 013° 52.42' E | 5 metri | Visualizza sulla mappa

Sommario Climatico per June 2021

31/01/2023 10:40:00 CET

Stazione:VantagePro2
Software:WeeWX v3.7.0
Aggiornamento Weewx:60 Giorni, 15 Ore, 15 Minuti
Aggiornamento Server:60 Giorni, 15 Ore, 15 Minuti
                   MONTHLY CLIMATOLOGICAL SUMMARY for giu 2021


NAME: Grottammare (AP) zona Ischia I°                  
ELEV: 5 metri    LAT: 42-58.22 N    LONG: 013-52.42 E


                   TEMPERATURE (°C), RAIN (mm), WIND SPEED (km/h)

                                         HEAT   COOL         AVG
      MEAN                               DEG    DEG          WIND                   DOM
DAY   TEMP   HIGH   TIME    LOW   TIME   DAYS   DAYS   RAIN  SPEED   HIGH   TIME    DIR
---------------------------------------------------------------------------------------
 01   18,8   22,2  15:06   12,7  01:55    0,0    0,4    0,0    2,2   17,7  12:55     61
 02   18,6   23,3  16:07   12,3  04:05    0,0    0,3    0,0    1,6   17,7  16:25    118
 03   19,7   23,4  12:55   13,8  05:53    0,0    1,4    0,0    1,4   16,1  13:00     56
 04   21,4   24,8  17:00   15,6  05:27    0,0    3,0    0,0    1,2   14,5  11:15     93
 05   22,4   27,9  10:19   17,1  05:35    0,0    4,1    0,0    0,9   14,5  16:55    109
 06   22,6   25,4  13:18   18,7  00:00    0,0    4,3    0,2    0,9   17,7  23:55     93
 07   20,2   23,0  11:30   17,3  01:10    0,0    1,9   10,6    1,6   16,1  00:05     48
 08   21,5   25,0  13:09   16,6  04:29    0,0    3,2    0,0    2,0   24,1  13:50     33
 09   23,4   27,2  10:12   19,9  22:55    0,0    5,1    0,0    3,4   25,7  11:35    358
 10   24,3   27,7  10:56   20,4  22:10    0,0    6,0    0,0    2,5   22,5  15:05     12
 11   23,9   26,6  14:00   20,8  23:10    0,0    5,6    0,0    2,7   22,5  14:25     14
 12   23,8   26,5  09:35   19,6  22:33    0,0    5,5    0,0    2,9   22,5  15:20     17
 13   24,2   29,2  10:10   17,1  05:40    0,0    5,9    0,0    0,9   12,9  17:15     65
 14   22,0   24,6  08:50   17,1  23:50    0,0    3,6    0,0    1,8   19,3  11:10     95
 15   20,4   24,3  14:50   14,6  05:22    0,0    2,1    0,0    1,4   12,9  12:00     72
 16   20,9   25,6  13:57   13,8  05:12    0,0    2,5    0,0    0,8   12,9  16:10     62
 17   22,3   26,6  14:10   15,8  04:13    0,0    4,0    0,0    1,1   14,5  13:35     95
 18   22,9   30,9  13:59   18,2  04:39    0,0    4,6    0,4    1,4   25,7  12:55    306
 19   24,7   29,7  09:10   19,2  05:10    0,0    6,4    0,0    0,7    9,7  10:10     63
 20   26,1   30,2  13:00   20,4  05:35    0,0    7,7    0,0    0,7   14,5  16:35    116
 21   25,8   28,1  15:45   21,9  04:35    0,0    7,4    0,0    1,1   12,9  09:30     71
 22   26,1   29,4  10:25   22,8  23:50    0,0    7,8    0,0    1,5   14,5  12:10     69
 23   25,6   29,8  08:31   20,9  03:55    0,0    7,2    0,0    1,6   16,1  15:30     53
 24   26,8   30,8  09:05   23,3  04:55    0,0    8,5    0,0    1,3   12,9  10:30     62
 25   25,6   28,3  11:43   21,9  23:25    0,0    7,2    0,0    1,6   16,1  06:10     79
 26   24,8   28,9  09:58   18,8  05:35    0,0    6,4    0,0    2,0   20,9  10:55     46
 27   25,2   28,3  13:15   19,6  05:44    0,0    6,8    0,0    1,5   14,5  14:25     65
 28   25,4   29,0  14:48   19,7  05:25    0,0    7,1    0,0    1,5   14,5  11:45    113
 29   26,3   30,8  16:00   20,7  05:45    0,0    8,0    0,0    1,1   12,9  12:35    112
 30   26,8   29,5  12:00   22,2  02:57    0,0    8,5    0,0    1,7   16,1  11:05    110
---------------------------------------------------------------------------------------
      23,4   30,9     18   12,3     02    0,0  152,4   11,2    1,6   25,7     09     63
    
Updated: 01/07/2021 00:00:00