Grottammare (AP) zona Ischia I°

42° 58.22' N | 013° 52.42' E | 5 metri | Show on map

Climate Summary for February 2021

26/09/2021 10:40:00 CEST

Station:VantagePro2
Software:WeeWX v3.7.0
Weewx uptime:147 Giorni, 2 Ore, 56 Minuti
Server uptime:147 Giorni, 3 Ore, 17 Minuti
                   MONTHLY CLIMATOLOGICAL SUMMARY for feb 2021


NAME: Grottammare (AP) zona Ischia I°                  
ELEV: 5 metri    LAT: 42-58.22 N    LONG: 013-52.42 E


                   TEMPERATURE (°C), RAIN (mm), WIND SPEED (km/h)

                                         HEAT   COOL         AVG
      MEAN                               DEG    DEG          WIND                   DOM
DAY   TEMP   HIGH   TIME    LOW   TIME   DAYS   DAYS   RAIN  SPEED   HIGH   TIME    DIR
---------------------------------------------------------------------------------------
 01    9,3   11,6  14:40    7,4  02:28    9,1    0,0    0,8    0,5   16,1  00:05    115
 02    9,2   10,8  23:55    7,2  21:50    9,2    0,0    2,0    0,6   14,5  22:50     24
 03   10,8   15,3  12:15    6,7  23:40    7,6    0,0    0,0    0,9   14,5  01:15    181
 04   10,5   14,8  13:10    6,8  00:00    7,8    0,0    0,0    0,4    8,0  12:50     63
 05   10,0   11,1  10:47    8,8  06:56    8,3    0,0    0,0    0,5   14,5  14:35     40
 06   10,7   11,4  20:40   10,1  10:41    7,6    0,0    0,0    0,5   11,3  12:05     69
 07   12,1   16,5  20:02   10,6  06:13    6,2    0,0    0,0    0,9   29,0  19:40    203
 08   12,2   16,1  11:16    7,4  06:36    6,1    0,0    0,0    1,2   27,4  08:05    245
 09   12,7   18,6  14:35   10,1  08:10    5,6    0,0    1,2    1,1   29,0  14:10    255
 10   12,8   18,3  11:03    8,8  05:55    5,6    0,0    0,0    1,1   30,6  15:00    237
 11    9,9   13,2  12:30    6,8  07:30    8,5    0,0    2,0    1,6   20,9  14:25     38
 12    6,3    7,1  04:00    4,0  23:35   12,0    0,0    2,0    2,3   20,9  00:00     92
 13    2,1    4,1  00:10    0,2  22:00   16,2    0,0    7,2    5,2   29,0  09:45     29
 14    3,8    6,1  13:17    0,4  00:05   14,5    0,0    0,0    4,2   30,6  10:40     32
 15    4,6    9,1  15:45   -0,2  22:33   13,7    0,0    0,0    1,2   17,7  13:25    278
 16    4,3    9,7  11:25   -1,3  06:56   14,0    0,0    0,0    0,7   12,9  11:00    130
 17    6,9   12,3  15:25    1,0  04:25   11,5    0,0    0,0    0,2    6,4  11:25     85
 18    8,0   12,7  15:40    2,8  07:08   10,3    0,0    0,0    0,4    8,0  12:50     79
 19    8,5   13,6  16:00    4,3  07:10    9,8    0,0    0,0    0,5    6,4  09:50     75
 20    9,2   16,4  11:11    4,1  06:26    9,2    0,0    0,0    0,8   14,5  10:30    168
 21    9,1   12,9  15:10    3,3  06:55    9,2    0,0    0,0    0,5   11,3  10:40    122
 22    9,1   11,5  14:00    5,4  05:27    9,2    0,0    0,0    0,7   14,5  14:25     44
 23    9,2   11,9  14:21    6,3  23:40    9,1    0,0    0,0    1,1   16,1  12:30     25
 24    9,7   16,1  13:40    4,8  06:05    8,6    0,0    0,2    0,6   19,3  14:20     48
 25   10,3   16,6  11:10    5,7  07:12    8,0    0,0    0,0    0,5    9,7  12:25     54
 26   10,1   15,8  11:35    5,3  06:45    8,3    0,0    0,0    0,6   16,1  15:10     57
 27   10,9   16,3  12:45    4,9  06:48    7,5    0,0    0,0    1,2   24,1  13:50     28
 28    9,6   13,2  10:05    5,3  04:11    8,7    0,0    0,0    1,6   22,5  13:50     16
---------------------------------------------------------------------------------------
       9,0   18,6     09   -1,3     16  261,3    0,0   15,4    1,1   30,6     10     47
    
Updated: 01/03/2021 00:00:00