Grottammare (AP) zona Ischia I°

42° 58.22' N | 013° 52.42' E | 5 metri | Show on map

Climate Summary for November 2020

04/12/2020 22:40:00 CET

Station:VantagePro2
Software:WeeWX v3.7.0
Weewx uptime:33 Giorni, 22 Ore, 35 Minuti
Server uptime:33 Giorni, 22 Ore, 35 Minuti
                   MONTHLY CLIMATOLOGICAL SUMMARY for nov 2020


NAME: Grottammare (AP) zona Ischia I°                  
ELEV: 5 metri    LAT: 42-58.22 N    LONG: 013-52.42 E


                   TEMPERATURE (°C), RAIN (mm), WIND SPEED (km/h)

                                         HEAT   COOL         AVG
      MEAN                               DEG    DEG          WIND                   DOM
DAY   TEMP   HIGH   TIME    LOW   TIME   DAYS   DAYS   RAIN  SPEED   HIGH   TIME    DIR
---------------------------------------------------------------------------------------
 01   13,1   17,6  14:05    9,6  05:35    5,2    0,0    0,2    0,3   11,3  11:25    100
 02   13,6   18,6  11:05    9,4  06:53    4,7    0,0    0,0    0,4    9,7  11:45     99
 03   15,0   19,0  11:54   10,2  01:50    3,4    0,0    0,0    0,3   12,9  12:10     38
 04   16,0   17,8  13:45   14,3  01:15    2,3    0,0    0,0    0,2    8,0  14:15     26
 05   16,1   17,1  12:40   15,3  03:24    2,2    0,0    0,0    1,4   22,5  23:40    257
 06   15,8   19,0  13:27   12,9  22:11    2,5    0,0    0,0    1,8   25,7  13:40    283
 07   14,2   18,5  10:07   10,2  23:25    4,1    0,0    0,0    1,1   16,1  08:40     12
 08   12,2   17,6  11:30    7,9  06:45    6,2    0,0    0,0    0,7   12,9  11:35     39
 09   12,4   17,9  11:05    7,8  06:50    5,9    0,0    0,0    0,6   17,7  15:20     32
 10   12,8   17,8  10:05    8,5  06:48    5,5    0,0    0,2    0,7   14,5  11:15     36
 11   12,8   16,9  12:15    8,3  05:19    5,5    0,0    0,0    0,6   14,5  12:50     36
 12   13,9   16,2  10:30   11,5  02:59    4,4    0,0    0,0    0,4   12,9  03:50    289
 13   12,9   17,9  11:05    9,5  04:19    5,4    0,0    0,2    0,6   12,9  11:45     58
 14   12,7   15,3  12:55    9,5  01:15    5,6    0,0    0,2    0,0    8,0  13:30      9
 15   13,8   16,3  15:13   11,3  00:40    4,5    0,0    0,2    0,5   11,3  13:25    358
 16   14,1   16,3  11:40   12,1  04:08    4,3    0,0    6,2    0,5   19,3  22:15    252
 17   13,4   15,0  23:01   12,4  00:00    5,0    0,0    1,2    3,0   25,7  10:55    294
 18   13,8   18,3  11:25    8,2  23:55    4,5    0,0    0,0    1,4   17,7  01:00    317
 19   11,7   15,4  14:00    7,0  05:05    6,7    0,0    0,0    0,5    9,7  14:05    103
 20   13,0   14,3  09:55   11,6  14:20    5,3    0,0   14,0    6,6   33,8  10:55     32
 21   11,0   12,7  00:00    9,4  00:00    7,3    0,0    0,0    7,7   35,4  05:50     33
 22    8,2   12,4  10:41    4,3  23:50   10,1    0,0    0,0    0,7   19,3  00:05     43
 23    8,1   12,7  15:40    3,4  06:22   10,3    0,0    0,0    0,5   12,9  11:50     46
 24   11,7   14,8  10:40    9,7  00:00    6,6    0,0    0,0    1,0   17,7  09:05    266
 25   11,1   13,6  13:12    8,6  20:10    7,2    0,0    0,0    0,4   12,9  13:15     26
 26   10,0   14,1  10:04    6,3  23:54    8,3    0,0    0,0    0,5   12,9  14:10     45
 27    8,8   13,1  14:13    4,8  07:25    9,5    0,0    0,0    0,3    8,0  11:25     50
 28   10,3   13,9  12:07    7,3  04:30    8,0    0,0    0,2    0,1    6,4  12:00    116
 29   12,0   13,7  14:05    9,0  00:26    6,3    0,0    4,0    1,0   17,7  15:10    283
 30   10,6   14,2  13:50    8,6  23:52    7,8    0,0    0,0    1,2   16,1  05:45    267
---------------------------------------------------------------------------------------
      12,5   19,0     03    3,4     23  174,6    0,0   26,6    1,2   35,4     21     17
    
Updated: 01/12/2020 00:00:00