Grottammare (AP) zona Ischia I°

42° 58.22' N | 013° 52.42' E | 5 metri | Show on map

Climate Summary for August 2020

20/10/2020 00:35:00 CEST

Station:VantagePro2
Software:WeeWX v3.7.0
Weewx uptime:92 Giorni, 17 Ore, 18 Minuti
Server uptime:92 Giorni, 17 Ore, 18 Minuti
                   MONTHLY CLIMATOLOGICAL SUMMARY for ago 2020


NAME: Grottammare (AP) zona Ischia I°                  
ELEV: 5 metri    LAT: 42-58.22 N    LONG: 013-52.42 E


                   TEMPERATURE (°C), RAIN (mm), WIND SPEED (km/h)

                                         HEAT   COOL         AVG
      MEAN                               DEG    DEG          WIND                   DOM
DAY   TEMP   HIGH   TIME    LOW   TIME   DAYS   DAYS   RAIN  SPEED   HIGH   TIME    DIR
---------------------------------------------------------------------------------------
 01   28,8   31,6  10:25   25,1  04:48    0,0   10,5    0,0    1,5   16,1  13:20     47
 02   28,1   31,1  19:00   23,4  06:20    0,0    9,7    0,0    2,1   17,7  10:45     86
 03   27,2   31,3  09:42   21,4  05:56    0,0    8,8    0,0    1,8   19,3  10:00     60
 04   24,2   28,7  15:57   18,5  17:55    0,0    5,9    3,6    3,0   38,6  16:00     27
 05   21,0   25,2  17:02   18,2  11:05    0,0    2,6    8,0    2,6   22,5  00:25    262
 06   24,3   28,1  12:16   20,7  05:30    0,0    6,0    0,0    3,3   33,8  14:15      7
 07   26,4   30,7  12:16   22,5  06:12    0,0    8,0    0,0    3,9   30,6  13:50    337
 08   27,4   30,2  12:04   24,4  06:39    0,0    9,1    0,0    4,0   30,6  12:00    340
 09   27,5   31,2  09:50   23,3  22:38    0,0    9,1    0,0    2,2   22,5  11:40     15
 10   25,9   31,2  09:35   21,3  03:22    0,0    7,6    0,0    1,6   17,7  11:45     42
 11   25,5   28,8  15:05   20,1  05:35    0,0    7,2    0,0    1,3   11,3  12:50     75
 12   25,5   28,9  15:21   21,4  05:19    0,0    7,2    0,0    1,7   17,7  11:10     44
 13   26,3   29,7  14:14   21,4  05:55    0,0    7,9    0,0    1,3   12,9  14:20     94
 14   26,5   30,2  16:19   21,4  06:27    0,0    8,1    0,0    0,9   11,3  13:55     75
 15   26,2   30,2  09:29   21,6  06:22    0,0    7,9    0,0    1,8   22,5  11:45     38
 16   25,8   28,8  15:02   21,9  05:44    0,0    7,5    0,0    1,7   14,5  13:10     94
 17   26,0   29,7  14:55   20,8  06:36    0,0    7,6    0,0    1,5   14,5  10:35    105
 18   26,6   31,8  12:30   22,2  23:48    0,0    8,3    0,0    2,3   22,5  13:00     27
 19   24,9   27,9  13:31   20,6  05:11    0,0    6,6    0,0    1,9   19,3  12:00     44
 20   25,3   28,9  14:05   20,3  06:15    0,0    6,9    0,0    1,6   16,1  14:15    103
 21   25,2   29,6  15:38   19,3  06:31    0,0    6,9    0,0    1,4   14,5  13:00     98
 22   26,2   30,1  14:57   20,6  06:08    0,0    7,9    0,0    1,4   16,1  13:25     98
 23   26,8   30,4  12:42   21,6  06:14    0,0    8,5    0,0    1,7   24,1  15:10     35
 24   25,1   28,8  11:10   20,4  00:00    0,0    6,8   12,4    3,1   27,4  01:35    322
 25   25,0   29,3  11:46   19,6  01:47    0,0    6,7    0,0    3,0   25,7  13:35    356
 26   25,0   28,4  14:35   19,9  06:24    0,0    6,7    0,0    1,7   17,7  14:15    122
 27   25,4   28,7  16:00   20,2  06:33    0,0    7,1    0,0    1,6   14,5  14:00    103
 28   25,8   29,1  15:05   21,2  06:41    0,0    7,5    0,0    1,8   16,1  15:00    116
 29   26,0   30,1  13:55   20,9  05:40    0,0    7,7    0,0    1,3   16,1  13:15    113
 30   26,5   29,8  12:50   22,4  04:27    0,0    8,2    0,0    1,1   25,7  15:35     32
 31   21,8   26,0  00:00   17,1  23:19    0,0    3,5    6,0    0,7   17,7  14:30    272
---------------------------------------------------------------------------------------
      25,7   31,8     18   17,1     31    0,0  229,9   30,0    2,0   38,6     04     51
    
Updated: 01/09/2020 00:00:00