Grottammare (AP) zona Ischia I°

42° 58.22' N | 013° 52.42' E | 5 metri | Show on map

Climate Summary for July 2020

20/10/2020 01:10:00 CEST

Station:VantagePro2
Software:WeeWX v3.7.0
Weewx uptime:92 Giorni, 17 Ore, 53 Minuti
Server uptime:92 Giorni, 17 Ore, 53 Minuti
                   MONTHLY CLIMATOLOGICAL SUMMARY for lug 2020


NAME: Grottammare (AP) zona Ischia I°                  
ELEV: 5 metri    LAT: 42-58.22 N    LONG: 013-52.42 E


                   TEMPERATURE (°C), RAIN (mm), WIND SPEED (km/h)

                                         HEAT   COOL         AVG
      MEAN                               DEG    DEG          WIND                   DOM
DAY   TEMP   HIGH   TIME    LOW   TIME   DAYS   DAYS   RAIN  SPEED   HIGH   TIME    DIR
---------------------------------------------------------------------------------------
 01   26,5   29,6  12:15   21,7  05:45    0,0    8,2    0,0    1,3   14,5  17:20    104
 02   26,3   30,2  09:52   22,3  05:46    0,0    8,0    0,0    1,4   16,1  11:50     60
 03   24,9   28,9  10:20   21,6  20:30    0,0    6,6    2,2    2,0   24,1  11:20    332
 04   24,9   27,8  11:40   22,1  02:30    0,0    6,6    0,0    2,4   22,5  14:30    325
 05   25,5   28,3  10:15   22,6  05:40    0,0    7,2    0,0    3,7   25,7  11:50      4
 06   26,1   29,4  10:00   20,8  00:00    0,0    7,8    0,0    2,9   20,9  00:40    349
 07   22,6   25,3  13:45   19,4  05:22    0,0    4,3    0,0    3,2   22,5  06:35     36
 08   22,9   26,3  14:03   19,3  00:00    0,0    4,6    0,0    2,7   16,1  12:05     50
 09   22,9   26,8  16:10   16,9  05:40    0,0    4,6    0,0    1,6   14,5  13:50     68
 10   24,8   27,9  16:11   19,5  05:22    0,0    6,5    0,0    1,6   16,1  14:15    104
 11   25,4   29,2  16:36   19,9  05:35    0,0    7,1    0,0    1,3   12,9  11:25     99
 12   24,9   28,6  09:55   21,7  21:35    0,0    6,5    0,0    3,0   29,0  10:50     17
 13   23,3   26,1  13:27   20,3  05:42    0,0    5,0    0,0    3,1   24,1  11:10     18
 14   22,6   25,6  11:35   17,8  22:59    0,0    4,2    0,0    3,3   22,5  00:20      7
 15   21,9   25,7  13:59   16,1  05:53    0,0    3,6    0,0    1,5   16,1  13:30    117
 16   23,4   26,1  10:35   18,1  06:05    0,0    5,1    0,0    1,5   14,5  12:55     99
 17   22,0   25,4  09:35   19,0  05:49    0,0    3,7    0,6    1,0   29,0  10:20     28
 18   21,8   26,2  13:42   19,7  05:36    0,0    3,4    0,0    3,1   32,2  15:45    351
 19   22,3   25,7  12:52   17,9  23:45    0,0    4,0    0,0    3,2   22,5  03:20     14
 20   22,9   27,3  12:37   15,9  05:55    0,0    4,5    0,0    1,6   14,5  12:25    102
 21   24,6   29,0  17:50   19,0  04:09    0,0    6,2    0,0    1,2   12,9  13:40     73
 22   25,2   28,8  12:13   20,0  05:03    0,0    6,9    0,0    1,4   16,1  09:50     51
 23   25,4   28,1  11:50   21,3  05:46    0,0    7,0    0,0    1,7   14,5  12:10     54
 24   23,9   28,3  12:55   20,7  21:16    0,0    5,6    3,6    1,8   24,1  16:20    126
 25   24,3   27,9  14:15   20,2  06:23    0,0    6,0    0,0    3,4   30,6  17:00     10
 26   24,7   28,7  11:59   18,6  05:53    0,0    6,4    0,0    1,5   14,5  11:15    115
 27   24,7   28,2  08:50   19,2  06:05    0,0    6,4    0,0    1,3   14,5  10:20     65
 28   25,6   29,4  18:05   20,6  06:09    0,0    7,3    0,0    1,5   16,1  13:15     79
 29   26,7   30,2  13:08   22,1  05:53    0,0    8,4    0,0    1,5   12,9  12:20     69
 30   27,2   30,4  14:12   23,6  05:33    0,0    8,9    0,0    1,5   14,5  15:10     43
 31   27,5   30,8  15:26   22,2  05:34    0,0    9,1    0,0    1,4   12,9  11:35     56
---------------------------------------------------------------------------------------
      24,4   30,8     31   15,9     20    0,0  189,5    6,4    2,0   32,2     18     47
    
Updated: 01/08/2020 00:00:00