Grottammare (AP) zona Ischia I°

42° 58.22' N | 013° 52.42' E | 5 metri | Show on map

Climate Summary for June 2020

20/10/2020 00:15:00 CEST

Station:VantagePro2
Software:WeeWX v3.7.0
Weewx uptime:92 Giorni, 16 Ore, 58 Minuti
Server uptime:92 Giorni, 16 Ore, 58 Minuti
                   MONTHLY CLIMATOLOGICAL SUMMARY for giu 2020


NAME: Grottammare (AP) zona Ischia I°                  
ELEV: 5 metri    LAT: 42-58.22 N    LONG: 013-52.42 E


                   TEMPERATURE (°C), RAIN (mm), WIND SPEED (km/h)

                                         HEAT   COOL         AVG
      MEAN                               DEG    DEG          WIND                   DOM
DAY   TEMP   HIGH   TIME    LOW   TIME   DAYS   DAYS   RAIN  SPEED   HIGH   TIME    DIR
---------------------------------------------------------------------------------------
 01   18,6   21,3  14:00   15,0  02:25    0,0    0,3    0,0    3,0   25,7  14:10     17
 02   19,6   23,7  08:50   12,8  04:50    0,0    1,3    0,0    1,5   14,5  09:40     68
 03   20,3   24,8  16:55   14,4  04:50    0,0    2,0    0,4    2,0   25,7  19:45    149
 04   20,6   22,4  09:40   17,0  03:50    0,0    2,2    0,4    0,8   17,7  00:05     54
 05   19,1   21,8  04:20   16,3  23:45    0,0    0,7    4,0    0,9   20,9  05:20     63
 06   19,6   23,3  15:55   14,8  05:30    0,0    1,2    0,2    1,4   12,9  12:50     99
 07   20,3   23,3  15:05   15,4  05:35    0,0    2,0    0,0    1,7   14,5  15:50     97
 08   20,5   22,3  08:05   18,4  01:30    0,0    2,2    1,0    1,4   17,7  13:25     32
 09   19,9   22,6  10:45   17,1  05:50    0,0    1,6    0,4    1,1   14,5  11:05     51
 10   18,8   22,4  12:10   13,5  05:45    0,0    0,5    1,4    1,5   19,3  12:55    110
 11   18,6   21,9  14:15   15,3  05:40    0,0    0,3    0,8    1,7   17,7  11:15     74
 12   19,6   23,6  09:45   13,3  05:45    0,0    1,2    0,0    1,8   14,5  10:10    102
 13   21,3   24,4  16:45   15,5  05:40    0,0    3,0    0,4    1,4   12,9  12:25     97
 14   19,9   23,7  07:45   17,2  22:40    0,0    1,5    6,6    1,0   25,7  03:40     21
 15   19,8   23,6  12:55   16,0  05:40    0,0    1,4    5,4    1,3   17,7  12:35     21
 16   20,1   24,8  11:35   17,1  04:00    0,0    1,8   10,2    1,9   24,1  12:05    350
 17   21,1   24,6  16:20   16,5  04:30    0,0    2,8    0,8    2,0   20,9  19:35    174
 18   22,3   25,4  18:25   16,7  06:00    0,0    4,0    0,0    2,4   17,7  04:00    137
 19   21,9   24,6  08:15   17,3  05:50    0,0    3,5    0,0    1,7   16,1  16:25    105
 20   22,0   26,0  10:50   18,0  02:05    0,0    3,7    0,0    3,6   35,4  14:50     24
 21   22,9   25,1  16:25   18,4  05:50    0,0    4,5    0,0    1,5   14,5  16:00     61
 22   24,1   27,5  12:00   20,8  04:56    0,0    5,8    0,0    2,5   24,1  12:50      1
 23   25,5   28,4  10:11   20,3  00:40    0,0    7,2    0,0    3,4   24,1  10:50     16
 24   23,0   26,1  10:10   17,4  05:45    0,0    4,6    0,0    1,2   14,5  15:05     98
 25   22,9   26,1  15:00   17,7  05:42    0,0    4,5    0,0    1,6   14,5  09:00    100
 26   23,6   26,3  09:35   19,1  06:04    0,0    5,3    0,0    1,5   12,9  11:35     93
 27   23,2   26,3  11:46   18,4  05:29    0,0    4,8    0,0    1,3   12,9  11:05     95
 28   24,2   28,4  12:52   19,3  05:45    0,0    5,9    0,0    1,4   14,5  11:55     56
 29   25,9   30,6  17:20   20,3  05:35    0,0    7,6    0,0    1,5   14,5  15:30    120
 30   26,9   29,8  15:48   21,8  05:50    0,0    8,6    0,0    1,4   19,3  01:10    109
---------------------------------------------------------------------------------------
      21,5   30,6     29   12,8     02    0,0   96,2   32,0    1,7   35,4     20     70
    
Updated: 01/07/2020 00:00:00