Grottammare (AP) zona Ischia I°

42° 58.22' N | 013° 52.42' E | 5 metri | Show on map

Climate Summary for May 2020

20/10/2020 00:50:00 CEST

Station:VantagePro2
Software:WeeWX v3.7.0
Weewx uptime:92 Giorni, 17 Ore, 33 Minuti
Server uptime:92 Giorni, 17 Ore, 33 Minuti
                   MONTHLY CLIMATOLOGICAL SUMMARY for mag 2020


NAME: Grottammare (AP) zona Ischia I°                  
ELEV: 5 metri    LAT: 42-58.22 N    LONG: 013-52.42 E


                   TEMPERATURE (°C), RAIN (mm), WIND SPEED (km/h)

                                         HEAT   COOL         AVG
      MEAN                               DEG    DEG          WIND                   DOM
DAY   TEMP   HIGH   TIME    LOW   TIME   DAYS   DAYS   RAIN  SPEED   HIGH   TIME    DIR
---------------------------------------------------------------------------------------
 01   18,5   20,9  15:20   14,6  04:10    0,0    0,1    0,0    1,6   24,1  05:00    185
 02   17,4   19,8  18:20   14,7  00:00    1,0    0,0    2,2    0,4   19,3  12:50     56
 03   15,9   20,3  10:15   12,5  05:40    2,4    0,0    0,0    1,7   19,3  10:20     34
 04   15,2   19,2  10:25    8,3  05:55    3,1    0,0    0,0    1,4   14,5  11:35    116
 05   16,4   20,6  14:30   10,3  06:10    1,9    0,0    0,0    1,2   17,7  14:20    115
 06   16,3   21,4  11:20   11,1  00:00    2,1    0,0    0,0    1,6   20,9  11:35     45
 07   15,1   18,9  09:00   10,0  06:10    3,2    0,0    0,0    1,7   14,5  12:00     47
 08   16,2   21,1  15:50    8,8  06:00    2,1    0,0    0,0    1,5   17,7  17:20    123
 09   16,9   20,8  11:40   10,9  05:55    1,4    0,0    0,0    1,1   14,5  16:45    117
 10   17,5   21,0  15:40   13,1  04:45    0,9    0,0    0,0    1,3   14,5  15:40    117
 11   18,6   21,7  23:40   15,7  22:25    0,0    0,2    0,8    2,1   25,7  23:40     76
 12   20,3   22,7  17:00   15,5  00:00    0,0    2,0    0,0    1,5   32,2  05:15    344
 13   18,4   21,7  14:25   13,8  05:00    0,0    0,1    0,0    1,2   12,9  13:10     97
 14   20,2   25,8  11:00   16,7  23:45    0,0    1,9    0,0    1,9   20,9  14:35     27
 15   19,6   23,2  14:10   15,5  04:45    0,0    1,3    0,0    1,4   19,3  11:05     55
 16   19,8   22,8  12:20   17,1  06:05    0,0    1,4    0,0    0,8   14,5  13:00     86
 17   19,5   21,8  10:20   17,6  00:00    0,0    1,1    0,0    1,5   20,9  11:20     30
 18   20,3   24,3  10:45   16,4  01:25    0,0    2,0    0,0    2,0   20,9  11:50     14
 19   20,1   21,9  13:05   17,3  06:30    0,0    1,7    0,0    1,4   19,3  01:00    105
 20   17,8   19,9  09:25   16,0  04:30    0,5    0,0   10,4    2,1   30,6  02:45    258
 21   19,6   22,5  10:10   16,7  02:30    0,0    1,3    0,2    3,8   30,6  13:25      3
 22   18,8   22,8  11:55   12,3  05:55    0,0    0,4    0,0    1,2   12,9  11:00    100
 23   20,6   25,2  17:20   14,4  05:40    0,0    2,3    0,0    0,9   12,9  17:00    114
 24   19,4   22,4  11:35   15,1  23:40    0,0    1,0    0,0    1,5   17,7  14:00     41
 25   18,1   22,0  15:30   13,2  02:50    0,2    0,0    0,0    1,2   14,5  14:05     96
 26   18,3   21,7  14:40   13,3  00:50    0,1    0,0    0,0    2,5   22,5  15:55     38
 27   18,3   20,8  13:55   14,9  03:30    0,0    0,0    1,2    3,3   27,4  10:20     15
 28   19,4   22,4  09:05   13,3  00:00    0,0    1,1    0,0    2,5   20,9  11:00      9
 29   15,1   20,2  10:10   12,1  03:00    3,2    0,0    5,0    0,9   17,7  16:30    359
 30   15,4   19,4  15:50   12,5  05:40    2,9    0,0    2,2    1,1   16,1  00:20     36
 31   16,9   20,3  15:40   12,0  04:10    1,5    0,0    0,0    1,7   16,1  19:45     58
---------------------------------------------------------------------------------------
      18,1   25,8     14    8,3     04   26,4   17,9   22,0    1,6   32,2     12     55
    
Updated: 20/06/2020 08:55:00