Grottammare (AP) zona Ischia I°

42° 58.22' N | 013° 52.42' E | 5 metri | Show on map

Climate Summary for January 2020

23/10/2020 12:30:00 CEST

Station:VantagePro2
Software:WeeWX v3.7.0
Weewx uptime:96 Giorni, 5 Ore, 13 Minuti
Server uptime:96 Giorni, 5 Ore, 13 Minuti
                   MONTHLY CLIMATOLOGICAL SUMMARY for gen 2020


NAME: Grottammare (AP) zona Ischia I°                  
ELEV: 5 metri    LAT: 42-58.22 N    LONG: 013-52.42 E


                   TEMPERATURE (°C), RAIN (mm), WIND SPEED (km/h)

                                         HEAT   COOL         AVG
      MEAN                               DEG    DEG          WIND                   DOM
DAY   TEMP   HIGH   TIME    LOW   TIME   DAYS   DAYS   RAIN  SPEED   HIGH   TIME    DIR
---------------------------------------------------------------------------------------
 01    7,3   12,2  15:05    1,3  07:35   11,1    0,0    0,0    0,5   16,1  21:45    326
 02    9,4   14,7  11:30    3,7  23:45    8,9    0,0    0,0    1,5   20,9  03:35    273
 03    5,6   12,0  15:25    1,7  07:35   12,7    0,0    0,0    0,1    4,8  10:55     65
 04    7,0   12,1  13:10    2,9  00:50   11,4    0,0    0,0    0,1   11,3  13:20     31
 05    8,9   13,6  09:55    2,9  23:25    9,5    0,0    0,0    0,9   22,5  12:55     12
 06    7,8   11,3  13:55    4,4  00:05   10,6    0,0    0,0    1,7   22,5  22:00    270
 07    7,7   10,6  11:00    4,5  08:00   10,6    0,0    0,0    0,9   17,7  01:30    281
 08    7,7   12,2  10:55    2,3  23:45   10,7    0,0    0,0    0,9   20,9  13:45    317
 09    4,4   10,6  15:10    0,0  07:45   13,9    0,0    0,0    0,1    4,8  12:20     68
 10    6,6   13,8  14:10    0,5  07:30   11,7    0,0    0,0    0,2   17,7  18:40    243
 11    7,7   13,2  12:05    2,6  05:45   10,6    0,0    0,0    0,8   27,4  19:50    279
 12    9,9   13,7  12:10    5,1  00:00    8,5    0,0    0,0    0,8   20,9  13:50    314
 13    5,8   10,8  16:00    1,3  07:20   12,5    0,0    0,0    0,1   11,3  20:10     52
 14    6,8   11,7  14:30    2,0  06:00   11,6    0,0    0,0    0,2   11,3  21:55    301
 15    6,0   11,4  14:45    1,7  07:15   12,4    0,0    0,0    0,1    4,8  11:25     79
 16    6,3   14,9  13:45    1,4  07:45   12,0    0,0    0,0    0,2   14,5  14:20     41
 17    5,8   11,2  13:00    1,7  07:35   12,5    0,0    0,0    0,1    4,8  12:15    116
 18    7,2   10,4  11:35    3,2  01:15   11,2    0,0    0,2    0,1   16,1  14:45     17
 19    9,4   13,3  13:00    7,3  19:55    8,9    0,0    1,6    0,4   16,1  12:05    266
 20    8,7   11,3  10:50    6,5  05:50    9,6    0,0    0,2    0,1   11,3  06:45    261
 21    8,2   11,7  11:55    4,5  00:00   10,2    0,0    0,0    0,7   17,7  12:00    359
 22    5,3    9,3  13:10    2,1  07:50   13,0    0,0    0,0    0,3    8,0  12:35     52
 23    6,2   13,3  12:50    2,2  07:45   12,1    0,0    0,0    0,3   14,5  14:35     31
 24    6,3   10,5  14:50    1,6  07:40   12,1    0,0    0,0    0,1    4,8  12:25     53
 25    7,8   10,9  15:45    4,9  04:35   10,5    0,0    0,0    0,1    8,0  13:35     29
 26    8,6   10,7  13:50    6,2  00:45    9,8    0,0    0,0    0,4   17,7  21:00    340
 27    7,7   10,8  15:30    4,2  03:50   10,6    0,0    0,0    0,2    9,7  13:30     99
 28   11,9   18,4  13:55    5,6  02:05    6,4    0,0    0,0    1,2   33,8  13:10    254
 29   13,5   19,1  13:40    7,2  22:05    4,8    0,0    0,0    0,6   19,3  11:30    233
 30   11,2   13,8  03:10    5,9  22:30    7,1    0,0    0,0    0,7   25,7  03:10    253
 31   11,1   15,1  11:50    6,9  00:05    7,2    0,0    0,0    0,2    8,0  16:05    103
---------------------------------------------------------------------------------------
       7,9   19,1     29    0,0     09  324,7    0,0    2,0    0,5   33,8     28    298
    
Updated: 20/06/2020 08:55:00