Grottammare (AP) zona Ischia I°

42° 58.22' N | 013° 52.42' E | 5 metri | Show on map

Climate Summary for December 2019

20/10/2020 01:15:00 CEST

Station:VantagePro2
Software:WeeWX v3.7.0
Weewx uptime:92 Giorni, 17 Ore, 58 Minuti
Server uptime:92 Giorni, 17 Ore, 58 Minuti
                   MONTHLY CLIMATOLOGICAL SUMMARY for dic 2019


NAME: Grottammare (AP) zona Ischia I°                  
ELEV: 5 metri    LAT: 42-58.22 N    LONG: 013-52.42 E


                   TEMPERATURE (°C), RAIN (mm), WIND SPEED (km/h)

                                         HEAT   COOL         AVG
      MEAN                               DEG    DEG          WIND                   DOM
DAY   TEMP   HIGH   TIME    LOW   TIME   DAYS   DAYS   RAIN  SPEED   HIGH   TIME    DIR
---------------------------------------------------------------------------------------
 01   10,1   15,1  14:10    5,9  06:20    8,3    0,0    0,2    0,5   12,9  11:55    153
 02   12,2   14,9  12:30    9,7  05:30    6,2    0,0    4,2    1,0   20,9  14:15    310
 03   10,6   12,3  11:40    8,1  23:35    7,7    0,0    0,6    2,5   20,9  21:25    259
 04    8,6   12,8  11:20    4,8  23:40    9,8    0,0    0,0    2,7   22,5  01:15    274
 05    8,2   11,7  12:55    4,6  01:40   10,1    0,0    0,0    0,4    8,0  11:30     41
 06    9,4   11,3  13:25    7,1  04:15    9,0    0,0    0,0    0,2    6,4  11:00     59
 07   10,3   14,7  12:10    7,1  04:45    8,0    0,0    0,0    0,3    8,0  13:40     72
 08   10,2   13,6  11:30    7,7  07:30    8,1    0,0    0,0    0,6   12,9  11:45     35
 09   10,9   15,7  11:20    6,4  06:20    7,5    0,0    0,2    0,6   14,5  21:25    142
 10   10,2   12,3  14:00    8,7  05:25    8,2    0,0    6,8    3,1   30,6  08:35    266
 11    8,7   11,1  13:50    4,4  00:00    9,6    0,0    0,0    2,6   24,1  07:50    261
 12    4,9   10,2  15:25    1,1  05:05   13,4    0,0    0,0    0,1    6,4  20:40     30
 13    7,2   13,4  16:05    1,1  04:30   11,1    0,0    2,4    2,4   30,6  23:05    205
 14   10,3   16,1  11:45    5,6  00:00    8,0    0,0    0,4    2,0   53,1  01:25    289
 15   10,2   18,1  10:45    5,3  02:35    8,1    0,0    0,0    0,1    4,8  12:10     95
 16   10,1   14,9  13:55    7,2  07:05    8,3    0,0    0,0    0,0    3,2  09:55    135
 17   10,0   15,3  12:30    5,9  07:15    8,3    0,0    0,0    0,1    8,0  12:30    137
 18   11,6   14,9  12:20    9,8  02:00    6,7    0,0    0,2    0,1    6,4  13:10     61
 19   12,0   13,4  11:05    9,5  00:00    6,3    0,0    0,6    0,0    6,4  19:10      2
 20   10,7   14,9  11:55    6,4  07:50    7,6    0,0    0,0    0,1    9,7  14:00    194
 21   16,1   23,4  15:05   10,9  00:15    2,2    0,0    0,2    1,0   37,0  16:20    244
 22   14,1   16,9  10:40   10,8  23:40    4,3    0,0    2,4    2,0   48,3  08:40    249
 23   13,2   16,9  11:15    8,8  06:55    5,1    0,0    0,0    1,1   22,5  11:45     16
 24   13,2   18,4  13:05    6,8  23:55    5,2    0,0    0,0    0,6   16,1  00:25    276
 25    9,4   15,3  15:20    5,4  22:50    8,9    0,0    0,0    0,2    9,7  06:10     29
 26   11,0   14,4  11:15    5,4  00:20    7,3    0,0    0,0    0,9   19,3  23:10    264
 27   10,2   13,1  14:35    5,7  08:30    8,2    0,0    0,0    0,7   24,1  23:20    254
 28    8,5   10,7  10:55    6,4  04:40    9,8    0,0    3,0    2,8   29,0  15:45     27
 29    7,1    9,4  12:25    5,3  05:05   11,2    0,0    0,0    2,5   27,4  13:05    312
 30    6,8   10,6  12:55    4,7  07:20   11,5    0,0    0,0    3,5   30,6  09:05    260
 31    6,5   11,1  15:20    3,6  18:35   11,9    0,0    0,0    0,9   25,7  00:50    258
---------------------------------------------------------------------------------------
      10,1   23,4     21    1,1     12  255,8    0,0   21,2    1,2   53,1     14    272
    
Updated: 20/06/2020 08:55:00