Grottammare (AP) zona Ischia I°

42° 58.22' N | 013° 52.42' E | 5 metri | Show on map

Climate Summary for November 2019

20/10/2020 00:20:00 CEST

Station:VantagePro2
Software:WeeWX v3.7.0
Weewx uptime:92 Giorni, 17 Ore, 3 Minuti
Server uptime:92 Giorni, 17 Ore, 3 Minuti
                   MONTHLY CLIMATOLOGICAL SUMMARY for nov 2019


NAME: Grottammare (AP) zona Ischia I°                  
ELEV: 5 metri    LAT: 42-58.22 N    LONG: 013-52.42 E


                   TEMPERATURE (°C), RAIN (mm), WIND SPEED (km/h)

                                         HEAT   COOL         AVG
      MEAN                               DEG    DEG          WIND                   DOM
DAY   TEMP   HIGH   TIME    LOW   TIME   DAYS   DAYS   RAIN  SPEED   HIGH   TIME    DIR
---------------------------------------------------------------------------------------
 01   14,7   15,4  00:05   13,7  06:50    3,6    0,0    7,0    1,1   16,1  08:40    261
 02   15,9   18,8  10:30   13,3  03:00    2,4    0,0    0,2    0,5    9,7  07:50     59
 03   18,2   23,8  15:35   14,4  06:30    0,2    0,0    5,8    1,8   20,9  15:35    202
 04   18,4   23,4  14:30   13,9  22:00    0,0    0,0    0,0    2,8   32,2  12:10    256
 05   20,3   26,9  12:35   14,4  01:45    0,0    1,9    0,4    3,2   33,8  13:05    231
 06   16,2   20,6  14:20   11,1  23:30    2,2    0,0    0,0    0,6   17,7  14:30    200
 07   14,0   17,7  10:50    9,6  07:05    4,3    0,0    0,0    1,2   12,9  11:20     32
 08   13,3   16,3  15:40    8,9  06:50    5,0    0,0    0,0    0,5   12,9  10:15    214
 09   13,4   17,6  12:25   10,6  21:55    5,0    0,0    8,2    1,2   19,3  16:40    284
 10   13,8   17,8  11:50   11,8  23:45    4,6    0,0    2,8    2,1   24,1  03:45    276
 11   13,1   16,1  13:05   11,1  23:00    5,2    0,0    1,0    0,3    8,0  13:05     45
 12   13,0   14,9  10:55   11,2  00:00    5,3    0,0   16,4    0,9   27,4  15:55    252
 13   13,6   16,4  12:55   10,7  00:25    4,8    0,0    2,4    1,7   20,9  06:45    342
 14   13,0   16,2  14:20    9,7  01:05    5,3    0,0    0,0    0,5   12,9  11:50    224
 15   15,4   19,3  17:30   10,1  00:20    3,0    0,0    0,4    2,5   32,2  15:35    187
 16   14,4   17,2  10:55   13,1  22:20    3,9    0,0    1,2    0,2   14,5  03:30    332
 17   14,0   15,7  14:30   10,8  00:00    4,4    0,0    3,8    1,9   25,7  13:25    218
 18   12,0   17,3  13:25    6,8  04:20    6,3    0,0    0,0    0,8   14,5  13:25    156
 19   12,5   15,6  14:50   10,2  02:40    5,8    0,0    0,0    0,0    6,4  03:10    271
 20   13,3   15,9  13:50   10,7  19:20    5,0    0,0    2,6    1,1   17,7  03:35    260
 21   12,4   16,2  11:10    8,2  07:00    5,9    0,0    0,0    0,2    6,4  11:40     22
 22   11,6   15,7  15:25    8,2  06:45    6,8    0,0    0,0    0,5    9,7  14:00     97
 23   12,6   17,4  15:00    6,6  05:25    5,8    0,0    0,2    1,3   16,1  22:50    206
 24   15,6   17,2  22:50   14,4  00:00    2,8    0,0   20,4    4,8   33,8  20:25    155
 25   15,1   17,9  12:15   12,9  19:50    3,3    0,0    4,8    0,8   16,1  21:40    359
 26   13,7   17,0  11:45    9,5  23:45    4,6    0,0    0,0    1,1   20,9  03:05    344
 27   12,0   15,7  21:20    8,1  07:15    6,3    0,0    0,4    0,4   14,5  21:30    167
 28   14,4   19,2  15:10   11,4  00:00    4,0    0,0    0,0    2,1   30,6  15:30    258
 29   13,7   18,6  10:40    9,1  06:30    4,6    0,0    2,8    1,2   38,6  19:30    257
 30   10,3   15,3  00:40    6,6  07:30    8,0    0,0    0,0    0,9   16,1  00:25     36
---------------------------------------------------------------------------------------
      14,1   26,9     05    6,6     23  128,2    2,0   80,8    1,3   38,6     29    225
    
Updated: 20/06/2020 08:55:00