Grottammare (AP) zona Ischia I°

42° 58.22' N | 013° 52.42' E | 5 metri | Show on map

Climate Summary for September 2019

20/10/2020 00:20:00 CEST

Station:VantagePro2
Software:WeeWX v3.7.0
Weewx uptime:92 Giorni, 17 Ore, 3 Minuti
Server uptime:92 Giorni, 17 Ore, 3 Minuti
                   MONTHLY CLIMATOLOGICAL SUMMARY for set 2019


NAME: Grottammare (AP) zona Ischia I°                  
ELEV: 5 metri    LAT: 42-58.22 N    LONG: 013-52.42 E


                   TEMPERATURE (°C), RAIN (mm), WIND SPEED (km/h)

                                         HEAT   COOL         AVG
      MEAN                               DEG    DEG          WIND                   DOM
DAY   TEMP   HIGH   TIME    LOW   TIME   DAYS   DAYS   RAIN  SPEED   HIGH   TIME    DIR
---------------------------------------------------------------------------------------
 01   25,6   28,6  12:40   21,9  05:55    0,0    7,3    0,0    2,1   17,7  11:25     54
 02   24,8   28,3  15:40   21,9  22:25    0,0    6,4    1,2    1,9   24,1  19:15    101
 03   23,0   25,5  15:30   20,9  08:05    0,0    4,7    3,2    3,2   22,5  10:50     11
 04   23,5   27,2  12:35   20,2  06:35    0,0    5,2    0,0    4,3   25,7  05:50    321
 05   23,4   26,6  09:30   17,6  06:40    0,0    5,0    0,0    2,3   14,5  00:05     57
 06   22,5   26,6  14:25   19,7  03:50    0,0    4,2    4,4    2,0   22,5  16:30     71
 07   21,5   24,4  16:00   18,9  03:20    0,0    3,1    3,0    2,7   19,3  12:15     22
 08   22,8   26,4  16:05   17,0  06:35    0,0    4,5    0,0    3,5   24,1  11:10    180
 09   21,9   27,7  13:50   16,9  06:25    0,0    3,5    0,0    3,8   27,4  08:50    358
 10   21,5   25,0  13:50   16,6  06:50    0,0    3,2    0,0    2,5   17,7  13:55     96
 11   22,5   25,9  10:55   17,6  00:45    0,0    4,2    0,0    3,0   20,9  06:35     14
 12   23,6   28,1  13:55   19,8  03:00    0,0    5,3    0,0    4,0   30,6  15:55    350
 13   23,8   27,2  10:05   20,6  22:30    0,0    5,5    0,0    3,1   20,9  11:55      8
 14   23,9   27,1  10:25   19,9  22:05    0,0    5,5    0,0    3,0   17,7  13:05      0
 15   23,6   27,1  10:20   19,6  23:55    0,0    5,3    0,0    2,2   19,3  15:00     26
 16   21,8   25,2  16:10   17,8  06:30    0,0    3,4    0,0    1,4   12,9  11:50     84
 17   22,7   26,7  14:25   17,9  07:10    0,0    4,4    0,0    1,5   12,9  12:40    104
 18   23,1   26,6  13:25   18,1  06:55    0,0    4,8    0,0    1,7   11,3  14:35     79
 19   20,7   24,1  00:05   19,4  23:50    0,0    2,3   22,4    2,0   20,9  05:45    278
 20   19,7   21,9  15:45   16,8  23:35    0,0    1,3    0,0    4,0   19,3  04:55     39
 21   18,8   21,7  14:35   16,4  06:40    0,0    0,5    0,0    3,8   25,7  03:00    292
 22   19,7   22,2  12:45   16,7  05:15    0,0    1,3    3,6    1,8   16,1  12:50    230
 23   20,0   23,6  14:05   17,9  00:00    0,0    1,6   17,2    1,4   17,7  19:15    108
 24   19,9   24,4  12:20   16,8  04:30    0,0    1,6    0,0    3,3   25,7  06:20    327
 25   20,6   24,4  15:30   15,4  06:55    0,0    2,2    0,0    1,8   14,5  02:00    144
 26   20,6   25,1  10:30   16,7  06:55    0,0    2,2    0,0    1,9   22,5  13:55     37
 27   20,3   23,6  16:20   15,8  06:55    0,0    2,0    0,0    1,7   17,7  10:40    139
 28   20,8   24,3  17:25   16,7  07:15    0,0    2,5    0,0    1,0   11,3  12:05     82
 29   21,0   24,5  12:25   16,7  07:15    0,0    2,6    0,0    1,2   11,3  14:20    112
 30   21,0   25,9  11:35   16,2  06:50    0,0    2,7    0,0    2,0   19,3  12:25    165
---------------------------------------------------------------------------------------
      21,9   28,6     01   15,4     25    0,0  108,3   55,0    2,5   30,6     12     46
    
Updated: 20/06/2020 08:55:00