Grottammare (AP) zona Ischia I°

42° 58.22' N | 013° 52.42' E | 5 metri | Show on map

Climate Summary for August 2019

20/10/2020 00:55:00 CEST

Station:VantagePro2
Software:WeeWX v3.7.0
Weewx uptime:92 Giorni, 17 Ore, 38 Minuti
Server uptime:92 Giorni, 17 Ore, 38 Minuti
                   MONTHLY CLIMATOLOGICAL SUMMARY for ago 2019


NAME: Grottammare (AP) zona Ischia I°                  
ELEV: 5 metri    LAT: 42-58.22 N    LONG: 013-52.42 E


                   TEMPERATURE (°C), RAIN (mm), WIND SPEED (km/h)

                                         HEAT   COOL         AVG
      MEAN                               DEG    DEG          WIND                   DOM
DAY   TEMP   HIGH   TIME    LOW   TIME   DAYS   DAYS   RAIN  SPEED   HIGH   TIME    DIR
---------------------------------------------------------------------------------------
 01   26,7   30,6  09:40   22,8  03:50    0,0    8,4    0,0    2,1   17,7  04:20     52
 02   26,0   29,4  12:00   22,2  03:35    0,0    7,6    0,2    1,8   32,2  21:40    135
 03   24,6   28,4  12:05   21,1  03:40    0,0    6,2    0,0    3,3   30,6  13:55     21
 04   24,3   27,6  09:20   19,4  05:45    0,0    6,0    0,0    1,8   14,5  11:30     77
 05   25,3   28,4  14:55   19,4  06:15    0,0    7,0    0,0    2,1   16,1  11:30    121
 06   26,0   29,5  14:30   20,3  06:05    0,0    7,7    0,0    2,1   17,7  16:35    134
 07   26,2   29,3  17:25   21,9  05:25    0,0    7,8    0,0    1,9   14,5  15:50     86
 08   26,4   30,7  11:50   22,3  04:50    0,0    8,0    0,0    1,7   17,7  12:10     31
 09   26,3   29,0  14:00   22,2  04:35    0,0    8,0    0,0    2,3   16,1  11:20     47
 10   27,1   30,6  15:45   22,7  06:00    0,0    8,7    0,0    2,2   17,7  15:35    120
 11   28,1   32,0  10:15   23,3  05:55    0,0    9,8    0,0    1,3   12,9  13:30     57
 12   27,9   31,9  18:30   22,7  06:10    0,0    9,5    0,0    1,4   11,3  12:05     94
 13   28,5   33,3  09:30   24,8  05:00    0,0   10,2    0,0    1,6   24,1  13:30     42
 14   26,1   28,9  12:55   23,3  23:55    0,0    7,7    1,2    3,9   32,2  14:40     19
 15   24,7   28,0  14:05   21,2  22:20    0,0    6,3    0,0    3,8   24,1  06:30      7
 16   24,5   27,8  14:55   19,1  06:15    0,0    6,2    0,0    2,7   22,5  15:25     32
 17   24,3   27,3  09:20   19,2  06:15    0,0    6,0    0,0    1,7   14,5  16:00     78
 18   25,0   29,4  14:55   19,2  06:00    0,0    6,7    0,0    1,8   14,5  11:15    128
 19   25,7   29,4  16:50   20,5  06:25    0,0    7,4    0,0    1,8   16,1  15:45    110
 20   26,1   30,8  11:10   20,7  05:45    0,0    7,8    0,0    1,8   16,1  11:35    113
 21   25,3   28,9  15:10   20,1  06:05    0,0    6,9    0,0    1,5   12,9  16:20     70
 22   25,5   30,2  12:25   21,3  04:55    0,0    7,2    1,6    2,3   22,5  15:45     20
 23   25,4   29,2  13:30   21,8  02:10    0,0    7,1    0,2    1,9   27,4  11:45    265
 24   26,0   29,5  10:15   22,1  01:15    0,0    7,7    0,0    3,1   27,4  23:20    327
 25   25,9   28,8  14:15   22,4  00:00    0,0    7,5    0,0    2,5   20,9  12:15     18
 26   26,1   29,4  10:05   22,3  01:15    0,0    7,8    0,0    2,2   22,5  14:05     26
 27   25,4   29,2  09:20   20,6  06:15    0,0    7,1    0,0    2,1   17,7  13:40     44
 28   25,8   28,8  15:50   22,1  06:20    0,0    7,5    0,0    2,0   14,5  15:25     80
 29   26,3   28,4  14:00   24,4  06:55    0,0    8,0    0,0    2,8   19,3  14:15     29
 30   26,6   30,7  09:50   21,9  05:20    0,0    8,3    0,0    2,3   19,3  14:50     40
 31   27,1   30,6  09:50   23,4  02:10    0,0    8,8    0,0    2,3   19,3  12:25     22
---------------------------------------------------------------------------------------
      26,0   33,3     13   19,1     16    0,0  236,9    3,2    2,2   32,2     02     56
    
Updated: 20/06/2020 08:55:00