Grottammare (AP) zona Ischia I°

42° 58.22' N | 013° 52.42' E | 5 metri | Show on map

Climate Summary for July 2019

20/10/2020 00:10:00 CEST

Station:VantagePro2
Software:WeeWX v3.7.0
Weewx uptime:92 Giorni, 16 Ore, 53 Minuti
Server uptime:92 Giorni, 16 Ore, 53 Minuti
                   MONTHLY CLIMATOLOGICAL SUMMARY for lug 2019


NAME: Grottammare (AP) zona Ischia I°                  
ELEV: 5 metri    LAT: 42-58.22 N    LONG: 013-52.42 E


                   TEMPERATURE (°C), RAIN (mm), WIND SPEED (km/h)

                                         HEAT   COOL         AVG
      MEAN                               DEG    DEG          WIND                   DOM
DAY   TEMP   HIGH   TIME    LOW   TIME   DAYS   DAYS   RAIN  SPEED   HIGH   TIME    DIR
---------------------------------------------------------------------------------------
 01   25,5   29,3  15:55   19,8  05:00    0,0    7,2    0,0    2,3   16,1  13:40    118
 02   26,4   29,7  11:15   21,1  04:50    0,0    8,0    0,0    2,5   16,1  11:45     51
 03   27,4   30,6  14:45   22,9  05:30    0,0    9,1    0,0    2,4   17,7  12:25     41
 04   27,2   30,2  12:25   24,2  23:20    0,0    8,8    0,0    3,5   25,7  14:55     24
 05   26,4   29,0  15:20   21,9  05:35    0,0    8,1    0,0    2,2   14,5  12:50     86
 06   27,7   30,6  13:20   22,4  05:45    0,0    9,4    0,0    2,3   16,1  12:55    119
 07   27,7   31,3  16:15   22,2  05:55    0,0    9,4    0,0    2,1   14,5  07:40     97
 08   27,2   30,3  16:55   23,8  05:15    0,0    8,9    1,6    2,7   19,3  12:00    110
 09   26,8   30,8  15:35   20,7  21:20    0,0    8,4    1,8    2,7   35,4  19:00    146
 10   22,9   26,7  09:05   20,3  05:40    0,0    4,6   20,6    2,4   25,7  11:00     22
 11   23,2   25,6  16:30   18,6  06:20    0,0    4,8    0,0    2,6   25,7  00:20     61
 12   22,9   25,6  11:10   20,3  02:35    0,0    4,6    0,8    1,8   16,1  17:45     31
 13   22,4   25,8  09:55   19,1  05:25    0,0    4,1    1,8    1,6   33,8  11:20    263
 14   23,8   27,3  14:45   18,9  00:00    0,0    5,5    0,0    2,8   19,3  13:05     31
 15   21,2   24,7  13:35   17,7  03:30    0,0    2,8    1,4    0,7   12,9  23:20     29
 16   23,6   27,2  14:35   18,0  03:10    0,0    5,3    1,2    3,7   27,4  16:45     14
 17   24,6   27,2  15:45   19,9  00:00    0,0    6,3    0,0    2,8   16,1  11:00     68
 18   23,5   27,7  16:10   17,0  05:40    0,0    5,2    0,0    2,0   14,5  10:25     98
 19   24,4   27,4  16:35   19,6  06:15    0,0    6,1    0,0    2,3   14,5  11:25     96
 20   25,0   28,9  16:45   19,4  06:10    0,0    6,7    0,0    2,1   16,1  15:05    116
 21   26,1   29,6  13:25   21,1  06:00    0,0    7,8    0,0    2,0   12,9  10:30     92
 22   26,4   29,8  14:40   21,9  04:35    0,0    8,1    0,0    2,6   22,5  16:10     37
 23   27,1   30,4  17:05   22,9  02:00    0,0    8,8    0,0    2,2   17,7  11:10     50
 24   27,2   30,7  13:15   22,3  04:10    0,0    8,8    0,0    1,8   12,9  11:40     79
 25   27,1   30,3  10:25   21,7  06:00    0,0    8,7    0,0    1,8   12,9  12:05     69
 26   27,6   31,1  09:55   22,5  05:45    0,0    9,2    0,0    2,1   16,1  13:45    136
 27   27,0   29,2  14:30   24,1  23:50    0,0    8,7    0,0    2,2   20,9  21:05     79
 28   23,9   28,4  16:50   21,3  06:15    0,0    5,6   13,2    2,0   19,3  09:50    230
 29   25,7   28,4  09:40   21,9  01:50    0,0    7,4    0,0    2,5   22,5  09:30     37
 30   26,2   29,9  09:40   21,9  04:10    0,0    7,9    0,0    2,5   16,1  09:50     46
 31   26,6   29,8  16:30   22,1  06:10    0,0    8,2    0,0    1,6   12,9  12:20    108
---------------------------------------------------------------------------------------
      25,5   31,3     07   17,0     18    0,0  222,5   42,4    2,3   35,4     09     72
    
Updated: 20/06/2020 08:55:00