Grottammare (AP) zona Ischia I°

42° 58.22' N | 013° 52.42' E | 5 metri | Show on map

Climate Summary for May 2019

20/10/2020 01:10:00 CEST

Station:VantagePro2
Software:WeeWX v3.7.0
Weewx uptime:92 Giorni, 17 Ore, 53 Minuti
Server uptime:92 Giorni, 17 Ore, 53 Minuti
                   MONTHLY CLIMATOLOGICAL SUMMARY for mag 2019


NAME: Grottammare (AP) zona Ischia I°                  
ELEV: 5 metri    LAT: 42-58.22 N    LONG: 013-52.42 E


                   TEMPERATURE (°C), RAIN (mm), WIND SPEED (km/h)

                                         HEAT   COOL         AVG
      MEAN                               DEG    DEG          WIND                   DOM
DAY   TEMP   HIGH   TIME    LOW   TIME   DAYS   DAYS   RAIN  SPEED   HIGH   TIME    DIR
---------------------------------------------------------------------------------------
 01   15,3   18,2  15:20   11,2  23:30    3,0    0,0    0,2    2,6   16,1  03:55     18
 02   15,5   20,6  10:30    9,1  06:00    2,8    0,0    0,0    2,4   20,9  14:10    144
 03   16,8   18,9  13:30   12,2  06:25    1,5    0,0    0,0    2,3   22,5  01:25     68
 04   14,9   16,6  09:30   13,0  02:40    3,4    0,0    1,6    2,1   24,1  11:35    245
 05   14,0   18,7  15:30   10,2  23:55    4,3    0,0   10,8    3,0   32,2  15:30    342
 06   10,8   13,6  10:55    8,7  05:55    7,5    0,0    4,8    3,6   35,4  13:20    260
 07   13,1   15,7  15:10   10,8  23:20    5,2    0,0    0,0    3,1   17,7  12:10     35
 08   13,7   17,3  15:00    6,9  05:55    4,6    0,0    0,0    1,9   14,5  14:45    128
 09   15,2   18,9  12:00   11,4  00:00    3,1    0,0    0,0    2,4   29,0  12:55     31
 10   14,7   18,5  17:00   10,4  04:35    3,6    0,0    0,0    1,9   16,1  12:30    124
 11   15,9   19,3  14:15   10,2  05:40    2,4    0,0    0,0    2,3   20,9  17:30    140
 12   14,6   17,5  15:40   12,6  08:00    3,8    0,0    3,8    1,7   25,7  03:15     30
 13   13,3   14,7  13:05   12,3  21:20    5,0    0,0   14,8    5,2   33,8  09:50     29
 14   12,4   15,6  15:25   10,3  00:00    6,0    0,0    8,6    3,3   25,7  01:25     11
 15   11,9   14,3  13:55    9,2  06:10    6,5    0,0    0,4    4,0   25,7  01:50    347
 16   13,9   16,7  13:40   11,2  03:35    4,4    0,0    0,0    4,1   20,9  14:25    334
 17   14,3   17,6  14:50    9,1  04:35    4,0    0,0    0,0    2,3   17,7  15:15    124
 18   16,5   19,0  12:45   13,2  06:10    1,9    0,0    0,0    2,5   24,1  18:35    115
 19   16,4   21,4  11:30   13,7  03:00    1,9    0,0    1,4    1,5   20,9  13:20     36
 20   17,1   20,8  09:45   13,4  03:40    1,3    0,0    0,0    2,9   22,5  08:10     67
 21   16,4   20,2  16:45   11,2  05:50    1,9    0,0    0,0    1,7   14,5  17:20    107
 22   17,9   20,6  11:05   13,3  00:50    0,4    0,0    0,0    2,0   20,9  03:50    140
 23   18,1   21,0  17:20   14,2  05:30    0,3    0,0    0,0    1,7   19,3  16:20     71
 24   18,1   21,7  15:40   12,9  06:00    0,3    0,0    0,0    1,5   12,9  12:25     88
 25   18,5   21,4  14:40   13,6  05:30    0,0    0,2    0,0    1,9   14,5  19:25    113
 26   17,3   18,9  11:55   15,9  20:30    1,0    0,0    9,0    3,3   30,6  19:30    128
 27   17,6   19,8  12:40   15,8  23:55    0,7    0,0    1,8    2,6   20,9  00:25    120
 28   17,6   20,0  16:10   14,9  05:40    0,7    0,0    0,8    1,7   14,5  14:20     99
 29   17,1   20,0  11:20   15,1  21:45    1,2    0,0    6,2    2,8   20,9  15:25     34
 30   16,2   19,3  11:55   14,8  05:55    2,1    0,0    2,8    2,8   17,7  21:00    307
 31   17,8   20,3  14:10   15,2  05:05    0,5    0,0    0,0    4,5   25,7  12:10    344
---------------------------------------------------------------------------------------
      15,6   21,7     24    6,9     08   85,4    0,2   67,0    2,6   35,4     06     73
    
Updated: 20/06/2020 08:55:00