Grottammare (AP) zona Ischia I°

42° 58.22' N | 013° 52.42' E | 5 metri | Show on map

Climate Summary for April 2019

23/10/2020 12:40:00 CEST

Station:VantagePro2
Software:WeeWX v3.7.0
Weewx uptime:96 Giorni, 5 Ore, 23 Minuti
Server uptime:96 Giorni, 5 Ore, 23 Minuti
                   MONTHLY CLIMATOLOGICAL SUMMARY for apr 2019


NAME: Grottammare (AP) zona Ischia I°                  
ELEV: 5 metri    LAT: 42-58.22 N    LONG: 013-52.42 E


                   TEMPERATURE (°C), RAIN (mm), WIND SPEED (km/h)

                                         HEAT   COOL         AVG
      MEAN                               DEG    DEG          WIND                   DOM
DAY   TEMP   HIGH   TIME    LOW   TIME   DAYS   DAYS   RAIN  SPEED   HIGH   TIME    DIR
---------------------------------------------------------------------------------------
 01   12,4   20,6  10:45    6,1  06:20    5,9    0,0    0,0    1,8   20,9  11:50     34
 02   13,4   17,1  12:55    7,9  06:45    4,9    0,0    0,0    1,2   12,9  12:10     88
 03   13,9   17,6  10:45    9,8  23:55    4,5    0,0    0,8    1,1   12,9  07:35     78
 04   13,1   17,0  16:55    8,2  07:15    5,2    0,0    0,0    3,7   24,1  15:35    175
 05   12,3   15,4  13:50    8,1  00:00    6,0    0,0    5,8    2,6   20,9  00:10    153
 06   10,9   15,0  16:55    5,2  07:00    7,4    0,0    0,0    1,4   14,5  12:05    103
 07   12,3   14,9  13:40    9,3  04:45    6,0    0,0    0,8    1,7   14,5  12:15     63
 08   13,4   17,5  10:40   11,1  19:35    4,9    0,0    1,2    3,6   25,7  11:45    342
 09   15,2   20,2  13:40   12,9  23:50    3,1    0,0    0,2    3,1   30,6  14:20    354
 10   12,4   16,0  10:30    8,8  05:55    5,9    0,0    4,2    2,1   22,5  16:55    227
 11   12,5   15,4  14:40   10,1  00:00    5,8    0,0    0,0    2,4   17,7  12:50     57
 12   12,6   15,1  11:05   10,1  00:05    5,8    0,0    0,2    2,1   20,9  11:25     27
 13   11,6   13,7  14:00   10,3  03:45    6,7    0,0    0,0    2,1   19,3  14:15    358
 14   12,4   14,6  13:25   10,7  07:35    5,9    0,0    0,0    2,6   16,1  12:15     68
 15   13,4   15,7  16:55   11,2  07:10    5,0    0,0    2,4    4,3   25,7  10:25      7
 16   13,2   16,2  12:00    9,2  06:40    5,1    0,0    0,0    2,2   17,7  12:40     53
 17   13,5   17,9  11:10    8,4  06:15    4,8    0,0    0,0    2,4   24,1  15:50     39
 18   14,6   18,6  15:20    8,7  06:40    3,7    0,0    0,0    2,2   17,7  16:15     35
 19   14,6   17,8  10:25    9,7  23:40    3,7    0,0    0,0    2,6   22,5  10:45     35
 20   14,1   20,1  09:25    8,1  06:00    4,2    0,0    0,0    2,2   19,3  12:40     32
 21   14,1   17,4  10:10    9,0  06:25    4,3    0,0    0,0    1,7   14,5  01:00     91
 22   13,9   16,5  11:55    9,8  04:25    4,4    0,0    4,6    1,9   16,1  13:45    157
 23   15,6   18,3  17:30   14,0  06:45    2,7    0,0    1,6    2,5   14,5  00:35    128
 24   15,8   19,1  12:45   12,2  05:35    2,5    0,0    0,0    1,8   16,1  16:35     90
 25   15,4   18,4  12:00   11,8  06:05    3,0    0,0    0,0    2,4   17,7  14:15    122
 26   15,2   17,4  15:00   12,9  06:35    3,1    0,0    0,8    1,4   16,1  14:35     41
 27   15,6   22,8  13:55   10,6  04:30    2,7    0,0    0,2    2,4   29,0  14:05     49
 28   13,7   17,9  15:00    9,2  06:10    4,7    0,0    5,2    2,5   35,4  17:25     59
 29   11,6   15,6  13:00    7,2  06:05    6,7    0,0    8,4    4,9   27,4  20:40    291
 30   13,3   17,7  12:05   10,6  02:15    5,1    0,0    0,2    3,6   25,7  04:00    256
---------------------------------------------------------------------------------------
      13,5   22,8     27    5,2     06  143,9    0,0   36,6    2,4   35,4     28     56
    
Updated: 20/06/2020 08:55:00