Grottammare (AP) zona Ischia I°

42° 58.22' N | 013° 52.42' E | 5 metri | Show on map

Climate Summary for March 2019

20/10/2020 00:50:00 CEST

Station:VantagePro2
Software:WeeWX v3.7.0
Weewx uptime:92 Giorni, 17 Ore, 33 Minuti
Server uptime:92 Giorni, 17 Ore, 33 Minuti
                   MONTHLY CLIMATOLOGICAL SUMMARY for mar 2019


NAME: Grottammare (AP) zona Ischia I°                  
ELEV: 5 metri    LAT: 42-58.22 N    LONG: 013-52.42 E


                   TEMPERATURE (°C), RAIN (mm), WIND SPEED (km/h)

                                         HEAT   COOL         AVG
      MEAN                               DEG    DEG          WIND                   DOM
DAY   TEMP   HIGH   TIME    LOW   TIME   DAYS   DAYS   RAIN  SPEED   HIGH   TIME    DIR
---------------------------------------------------------------------------------------
 01   10,8   14,8  13:45    4,8  06:55    7,5    0,0    0,0    1,0   12,9  20:15     97
 02   11,9   17,6  11:40    6,9  23:40    6,4    0,0    0,0    2,0   19,3  06:50    352
 03    9,3   13,9  14:00    4,4  06:20    9,0    0,0    0,0    1,0   12,9  12:25     64
 04   11,8   17,0  09:40    4,9  06:25    6,5    0,0    0,0    1,1   14,5  11:05    125
 05   12,5   16,4  15:05    7,7  00:00    5,9    0,0    0,0    0,4   11,3  10:30     79
 06   11,1   15,8  10:25    5,1  06:35    7,3    0,0    0,0    1,0   11,3  11:25    122
 07   12,3   18,6  16:05    8,4  06:00    6,0    0,0    0,0    1,2   14,5  12:15    148
 08   13,8   17,8  15:20   10,3  05:05    4,5    0,0    0,0    0,7   16,1  10:45     42
 09   12,4   16,3  11:20    7,8  06:50    5,9    0,0    0,0    1,8   17,7  16:05    158
 10   11,0   15,1  15:50    6,2  05:20    7,4    0,0    0,0    1,2   12,9  11:10     73
 11   12,2   18,2  14:40    7,9  23:50    6,1    0,0    3,0    2,7   45,1  16:55     34
 12   10,0   14,0  12:20    6,8  06:40    8,3    0,0    0,6    4,7   32,2  03:05    356
 13    9,0   12,6  10:25    2,7  06:05    9,4    0,0    2,8    1,8   17,7  17:30    159
 14    9,5   13,3  11:20    7,3  01:50    8,9    0,0    4,2    2,8   24,1  05:30    303
 15   13,3   20,8  11:30    5,9  04:00    5,1    0,0    0,0    2,4   20,9  05:45    203
 16   12,1   17,5  12:15    7,3  06:25    6,2    0,0    0,0    1,1   11,3  12:20     84
 17   12,2   16,1  09:00    7,3  02:40    6,1    0,0    0,0    1,7   12,9  16:50     82
 18   10,6   14,4  12:20    7,2  06:15    7,8    0,0    0,8    2,1   25,7  16:25     37
 19    9,8   12,0  13:05    8,7  06:45    8,5    0,0    0,0    2,6   22,5  11:50    269
 20   10,6   13,3  14:05    9,0  22:20    7,8    0,0    0,0    4,3   25,7  14:20    306
 21   11,7   15,7  10:55    9,1  00:30    6,6    0,0    0,0    4,7   25,7  14:50    333
 22   12,8   16,7  10:05    9,4  20:10    5,5    0,0    0,0    3,5   24,1  11:25    341
 23   13,6   19,4  10:30    8,6  22:30    4,7    0,0    0,0    3,0   24,1  12:20    329
 24   12,6   18,3  08:20    7,2  02:20    5,7    0,0    0,0    1,3   14,5  11:20     44
 25   13,1   20,8  13:55    6,8  05:35    5,3    0,0    0,0    1,5   20,9  13:45    124
 26   11,0   12,8  01:10    8,9  10:20    7,3    0,0    0,0    4,4   33,8  07:35     22
 27   11,2   14,8  15:10    7,2  05:10    7,1    0,0    0,0    3,5   22,5  06:25     23
 28   11,2   14,3  13:30    6,1  04:25    7,1    0,0    0,0    4,6   27,4  08:30      8
 29   12,6   16,1  13:00    9,3  04:20    5,7    0,0    0,0    3,4   22,5  16:00      5
 30   12,7   17,0  09:05    7,1  00:00    5,6    0,0    0,0    3,5   20,9  04:20    332
 31   11,0   15,6  13:15    5,3  06:45    7,3    0,0    0,0    1,5   14,5  12:50     55
---------------------------------------------------------------------------------------
      11,6   20,8     15    2,7     13  208,6    0,0   11,4    2,4   45,1     11     18
    
Updated: 20/06/2020 08:55:00