Grottammare (AP) zona Ischia I°

42° 58.22' N | 013° 52.42' E | 5 metri | Show on map

Climate Summary for February 2019

20/10/2020 01:30:00 CEST

Station:VantagePro2
Software:WeeWX v3.7.0
Weewx uptime:92 Giorni, 18 Ore, 13 Minuti
Server uptime:92 Giorni, 18 Ore, 13 Minuti
                   MONTHLY CLIMATOLOGICAL SUMMARY for feb 2019


NAME: Grottammare (AP) zona Ischia I°                  
ELEV: 5 metri    LAT: 42-58.22 N    LONG: 013-52.42 E


                   TEMPERATURE (°C), RAIN (mm), WIND SPEED (km/h)

                                         HEAT   COOL         AVG
      MEAN                               DEG    DEG          WIND                   DOM
DAY   TEMP   HIGH   TIME    LOW   TIME   DAYS   DAYS   RAIN  SPEED   HIGH   TIME    DIR
---------------------------------------------------------------------------------------
 01    9,7   14,7  20:55    5,7  05:50    8,6    0,0    0,0    1,1   17,7  14:35    182
 02   12,8   16,9  07:40    9,7  00:00    5,5    0,0    0,4    2,8   29,0  07:35    195
 03   10,1   13,9  10:10    7,2  04:15    8,3    0,0    1,4    1,3   16,1  07:15    328
 04    9,5   11,6  15:40    7,8  23:15    8,9    0,0    5,6    3,4   25,7  05:55    261
 05    8,3   11,3  12:40    6,7  06:15   10,0    0,0    0,0    3,0   24,1  03:25    268
 06    9,9   14,1  14:25    7,4  00:15    8,5    0,0    0,0    4,1   27,4  01:35    265
 07    8,0   12,6  10:05    3,4  21:50   10,3    0,0    0,0    2,1   20,9  00:35    332
 08    7,0   12,7  12:00    2,8  05:20   11,3    0,0    0,0    1,4   22,5  13:45     23
 09    7,0   11,6  14:15    1,1  07:15   11,3    0,0    0,0    0,9   12,9  11:00    138
 10    8,7   13,6  14:40    3,6  05:40    9,6    0,0    0,0    0,7   16,1  21:15     80
 11   10,6   15,2  10:40    8,6  02:10    7,8    0,0    0,0    2,7   32,2  11:45    290
 12    8,7   13,2  11:25    3,4  22:15    9,6    0,0    0,0    3,1   25,7  05:55    301
 13    7,8   11,2  10:30    3,1  02:25   10,5    0,0    0,0    2,6   24,1  14:45    354
 14    9,4   15,2  11:25    5,3  22:50    8,9    0,0    0,0    2,7   20,9  06:25    292
 15   11,2   15,1  12:05    6,7  23:55    7,1    0,0    0,0    3,0   25,7  13:50    298
 16    8,8   13,8  10:55    3,9  00:00    9,5    0,0    0,0    1,5   19,3  11:25    349
 17    7,3   14,2  11:40    1,8  07:10   11,1    0,0    0,0    0,7    8,0  12:50     62
 18    7,3   14,3  11:55    1,7  07:05   11,1    0,0    0,0    0,6    8,0  13:10     67
 19    7,3   13,2  11:15    1,5  07:10   11,0    0,0    0,0    0,9   14,5  11:50     44
 20    7,1   11,1  15:20    2,6  07:05   11,3    0,0    0,0    1,0   16,1  15:50     45
 21    6,7   11,3  11:05    2,4  05:45   11,7    0,0    0,2    1,2   14,5  12:30     47
 22    9,4   14,8  15:35    3,2  07:15    9,0    0,0    0,0    1,5   20,9  13:30     12
 23    7,1   10,9  00:05    5,5  07:00   11,2    0,0    0,0    8,2   40,2  04:05     27
 24    7,1    9,9  12:35    5,1  02:05   11,2    0,0    0,0    6,0   32,2  01:35     22
 25    9,6   13,7  13:15    6,4  07:10    8,8    0,0    0,0    5,1   32,2  02:40    293
 26   14,4   18,7  14:10    9,5  00:05    4,0    0,0    0,0    4,1   25,7  05:25    266
 27   14,8   17,6  09:00    7,7  00:00    3,6    0,0    0,0    3,3   24,1  13:15    327
 28    9,9   16,6  14:20    3,7  05:15    8,5    0,0    0,0    1,2   16,1  13:10    140
---------------------------------------------------------------------------------------
       9,1   18,7     26    1,1     09  258,1    0,0    7,6    2,5   40,2     23    332
    
Updated: 20/06/2020 08:55:00