Grottammare (AP) zona Ischia I°

42° 58.22' N | 013° 52.42' E | 5 metri | Show on map

Climate Summary for December 2018

20/10/2020 00:45:00 CEST

Station:VantagePro2
Software:WeeWX v3.7.0
Weewx uptime:92 Giorni, 17 Ore, 28 Minuti
Server uptime:92 Giorni, 17 Ore, 28 Minuti
                   MONTHLY CLIMATOLOGICAL SUMMARY for dic 2018


NAME: Grottammare (AP) zona Ischia I°                  
ELEV: 5 metri    LAT: 42-58.22 N    LONG: 013-52.42 E


                   TEMPERATURE (°C), RAIN (mm), WIND SPEED (km/h)

                                         HEAT   COOL         AVG
      MEAN                               DEG    DEG          WIND                   DOM
DAY   TEMP   HIGH   TIME    LOW   TIME   DAYS   DAYS   RAIN  SPEED   HIGH   TIME    DIR
---------------------------------------------------------------------------------------
 01    9,0   11,2  13:45    7,2  01:40    9,4    0,0    0,0    0,5   11,3  15:50    339
 02    8,7   11,9  13:35    5,5  07:05    9,6    0,0    0,0    0,4    6,4  00:15     74
 03   11,4   15,0  13:05    8,9  00:15    6,9    0,0    0,0    0,7   17,7  13:30     36
 04   10,8   14,2  13:05    7,1  22:00    7,5    0,0    0,0    1,0   20,9  13:30     27
 05    9,9   15,0  11:00    5,3  04:10    8,4    0,0    0,0    0,5    9,7  11:15     39
 06   10,1   14,8  13:00    6,6  07:40    8,2    0,0    0,0    0,4   11,3  14:05    141
 07   10,2   13,2  10:40    6,9  07:35    8,1    0,0    0,0    0,9   17,7  03:45    135
 08   11,1   14,8  13:10    7,9  01:15    7,2    0,0    0,4    1,9   29,0  11:30    289
 09    9,2   16,5  14:40    2,6  06:40    9,1    0,0    0,0    0,4    9,7  16:40     61
 10   12,1   16,9  11:00    6,3  01:40    6,3    0,0    0,0    2,9   22,5  11:05      5
 11    7,9   11,7  10:55    3,5  07:40   10,5    0,0    0,4    1,5   22,5  01:35    351
 12    5,6   11,4  12:15    1,7  06:10   12,7    0,0    0,0    0,9   20,9  14:20     51
 13    6,5    8,3  13:45    4,2  00:05   11,8    0,0    2,0    1,7   20,9  04:10    264
 14    6,3    7,2  05:15    5,5  19:15   12,1    0,0    5,6    3,7   27,4  15:30    258
 15    5,7    7,2  13:25    4,9  23:30   12,6    0,0    0,2    2,9   27,4  23:05    261
 16    6,7    9,4  11:10    4,6  01:20   11,7    0,0    3,0    2,9   20,9  02:50    255
 17    5,3    7,1  23:20    4,3  02:05   13,0    0,0   17,6    4,4   27,4  20:05    262
 18    8,6   12,1  12:40    6,7  02:05    9,8    0,0    0,0    4,2   27,4  00:20    261
 19    8,1   10,8  11:50    4,3  07:55   10,2    0,0    0,0    1,8   19,3  03:10    264
 20    8,5   11,1  11:10    6,4  08:10    9,9    0,0    0,0    0,9   17,7  13:25      7
 21    7,2   10,9  15:00    3,7  07:55   11,1    0,0    0,0    0,5   11,3  14:10    106
 22    8,4   13,5  14:10    5,1  04:15    9,9    0,0    0,0    0,3    9,7  11:40     39
 23    8,8   12,5  12:45    5,0  05:30    9,5    0,0    0,0    0,4    8,0  12:50     49
 24   10,2   15,7  11:45    6,4  06:40    8,1    0,0    0,0    1,1   27,4  17:45      6
 25    9,1   13,5  10:10    4,0  00:00    9,2    0,0    0,0    1,1   16,1  14:00    356
 26    5,6   12,4  12:25    1,8  04:20   12,7    0,0    0,0    0,5   16,1  13:00     44
 27    4,2    8,9  14:30    0,6  05:45   14,2    0,0    0,0    0,6   11,3  13:05     44
 28    4,5    9,5  14:15    0,8  07:15   13,8    0,0    0,0    0,5    8,0  10:35     48
 29    5,7   11,4  13:15    1,0  07:25   12,6    0,0    0,2    0,4    9,7  13:35     49
 30    7,0   13,4  12:40    2,8  07:50   11,3    0,0    0,0    2,0   24,1  22:50    293
 31    9,0   11,0  14:25    5,0  06:20    9,4    0,0    0,0    1,8   19,3  00:05    269
---------------------------------------------------------------------------------------
       8,1   16,9     10    0,6     27  316,9    0,0   29,4    1,4   29,0     08    283
    
Updated: 20/06/2020 08:55:00