Grottammare (AP) zona Ischia I°

42° 58.22' N | 013° 52.42' E | 5 metri | Show on map

Climate Summary for August 2018

20/10/2020 00:30:00 CEST

Station:VantagePro2
Software:WeeWX v3.7.0
Weewx uptime:92 Giorni, 17 Ore, 13 Minuti
Server uptime:92 Giorni, 17 Ore, 13 Minuti
                   MONTHLY CLIMATOLOGICAL SUMMARY for ago 2018


NAME: Grottammare (AP) zona Ischia I°                  
ELEV: 5 metri    LAT: 42-58.22 N    LONG: 013-52.42 E


                   TEMPERATURE (°C), RAIN (mm), WIND SPEED (km/h)

                                         HEAT   COOL         AVG
      MEAN                               DEG    DEG          WIND                   DOM
DAY   TEMP   HIGH   TIME    LOW   TIME   DAYS   DAYS   RAIN  SPEED   HIGH   TIME    DIR
---------------------------------------------------------------------------------------
 01   29,2   32,6  09:45   24,9  00:05    0,0   10,8    0,0    2,6   20,9  11:45     28
 02   28,3   31,3  08:40   24,1  03:00    0,0    9,9    0,0    3,7   33,8  15:55     29
 03   28,2   30,7  09:50   25,7  06:45    0,0    9,9    0,0    3,6   25,7  14:35     22
 04   28,1   30,9  09:45   24,9  00:00    0,0    9,8    0,0    3,4   24,1  12:50     12
 05   28,0   31,8  10:10   23,8  01:40    0,0    9,6    0,0    2,8   19,3  11:40     36
 06   26,7   29,9  14:20   22,7  06:20    0,0    8,4    0,0    2,1   14,5  11:10     88
 07   26,8   30,3  14:25   21,9  06:25    0,0    8,4    0,0    1,9   16,1  16:10    110
 08   26,6   29,8  14:45   22,1  06:00    0,0    8,3    0,0    1,8   14,5  13:30     86
 09   26,8   30,1  16:05   22,3  06:05    0,0    8,5    0,0    2,0   16,1  13:45     86
 10   27,5   32,2  09:25   24,1  05:45    0,0    9,1    0,0    2,4   24,1  17:00     24
 11   27,0   30,9  12:20   22,3  06:25    0,0    8,7    0,0    2,2   16,1  12:15     58
 12   27,1   30,2  13:35   21,8  06:20    0,0    8,8    0,0    2,2   16,1  13:25     91
 13   26,9   30,2  16:05   22,3  06:15    0,0    8,6    0,0    2,1   14,5  12:40     80
 14   23,7   30,1  09:40   19,6  13:55    0,0    5,3   25,0    2,1   30,6  13:25    264
 15   24,2   27,9  16:40   21,2  02:55    0,0    5,9    1,8    2,3   32,2  12:00    293
 16   26,0   28,9  13:45   22,3  23:20    0,0    7,6    0,0    3,1   19,3  10:30    348
 17   25,8   29,6  10:20   22,1  23:55    0,0    7,5    0,0    2,3   17,7  10:40     35
 18   25,1   29,1  14:45   19,9  05:15    0,0    6,7    0,0    2,0   14,5  12:25     48
 19   27,0   30,9  11:05   22,4  02:55    0,0    8,6    0,0    2,8   20,9  13:05     23
 20   27,5   30,2  10:40   23,7  23:35    0,0    9,1    0,0    3,6   24,1  11:05      2
 21   27,2   30,7  10:30   22,6  23:40    0,0    8,9    0,0    2,8   24,1  13:15      6
 22   26,2   29,3  12:00   22,1  01:35    0,0    7,9    0,0    1,6   12,9  12:35     57
 23   25,4   28,9  15:10   20,4  06:20    0,0    7,1    0,0    1,7   12,9  13:50     71
 24   25,3   29,1  16:40   19,7  06:35    0,0    7,0    0,0    1,9   14,5  12:05    110
 25   25,7   29,7  15:05   20,9  06:40    0,0    7,4    0,0    2,0   16,1  15:15    109
 26   22,5   27,3  09:15   18,9  23:45    0,0    4,1    0,0    2,9   27,4  11:10     22
 27   21,3   24,9  12:00   18,1  03:15    0,0    3,0    0,0    4,2   30,6  15:50    352
 28   24,3   28,0  15:30   20,8  01:50    0,0    6,0    0,0    4,3   25,7  13:00    346
 29   24,6   27,6  11:15   20,8  06:50    0,0    6,3    0,0    2,6   16,1  12:30     37
 30   24,2   28,3  16:40   18,6  06:45    0,0    5,9    0,0    2,0   14,5  15:10    119
 31   24,3   27,9  16:20   20,1  05:55    0,0    6,0    0,0    1,7   14,5  17:40     80
---------------------------------------------------------------------------------------
      26,0   32,6     01   18,1     27    0,0  239,1   26,8    2,5   33,8     02     47
    
Updated: 20/06/2020 08:55:00