Grottammare (AP) zona Ischia I°

42° 58.22' N | 013° 52.42' E | 5 metri | Show on map

Climate Summary for July 2018

20/10/2020 01:05:00 CEST

Station:VantagePro2
Software:WeeWX v3.7.0
Weewx uptime:92 Giorni, 17 Ore, 48 Minuti
Server uptime:92 Giorni, 17 Ore, 48 Minuti
                   MONTHLY CLIMATOLOGICAL SUMMARY for lug 2018


NAME: Grottammare (AP) zona Ischia I°                  
ELEV: 5 metri    LAT: 42-58.22 N    LONG: 013-52.42 E


                   TEMPERATURE (°C), RAIN (mm), WIND SPEED (km/h)

                                         HEAT   COOL         AVG
      MEAN                               DEG    DEG          WIND                   DOM
DAY   TEMP   HIGH   TIME    LOW   TIME   DAYS   DAYS   RAIN  SPEED   HIGH   TIME    DIR
---------------------------------------------------------------------------------------
 01   24,4   26,9  09:10   20,6  05:10    0,0    6,1    0,0    2,7   19,3  16:35    110
 02   24,0   26,1  12:50   20,9  03:45    0,0    5,6    0,0    2,3   14,5  14:05     57
 03   24,5   27,2  14:00   21,7  05:05    0,0    6,2    0,0    2,3   16,1  14:15     70
 04   25,3   28,0  15:45   22,3  05:00    0,0    7,0    0,4    2,5   17,7  10:30     51
 05   26,1   29,7  09:20   21,9  05:40    0,0    7,7    0,0    2,8   17,7  12:45    120
 06   24,0   28,3  12:55   19,6  00:00    0,0    5,7    7,0    2,2   35,4  15:45     47
 07   25,0   27,3  16:25   19,7  00:05    0,0    6,7    0,0    4,0   27,4  14:00     17
 08   24,7   27,9  09:45   19,9  04:10    0,0    6,3    0,0    3,1   27,4  12:00     30
 09   25,0   28,0  16:35   20,4  23:35    0,0    6,6    0,0    4,4   29,0  14:00     19
 10   24,3   28,6  09:10   18,4  06:05    0,0    6,0    0,0    2,4   14,5  18:45     95
 11   24,9   28,5  15:35   20,4  06:15    0,0    6,6    0,0    2,2   17,7  15:20    104
 12   24,9   28,1  15:10   20,3  04:00    0,0    6,6    0,0    2,3   14,5  13:50     96
 13   25,3   29,0  12:20   20,7  06:00    0,0    6,9    0,0    2,3   19,3  12:30     53
 14   25,4   28,3  15:50   20,6  06:05    0,0    7,0    0,0    2,3   14,5  12:45     92
 15   26,0   29,2  15:35   22,2  04:40    0,0    7,6    0,0    2,6   19,3  14:05     49
 16   25,9   28,6  10:10   19,9  00:00    0,0    7,5   11,0    2,2   30,6  23:15     97
 17   23,9   27,2  15:50   20,0  00:05    0,0    5,5    0,4    3,5   27,4  13:50     30
 18   26,6   29,4  09:00   21,2  00:20    0,0    8,2    0,0    1,8   12,9  13:40     91
 19   26,9   30,0  10:10   22,2  02:55    0,0    8,5    0,0    1,9   14,5  14:20    108
 20   26,8   30,2  16:55   21,8  05:45    0,0    8,5    0,0    2,5   17,7  17:55    137
 21   26,6   29,8  15:10   22,3  03:35    0,0    8,2    0,0    2,2   16,1  15:35    112
 22   25,9   29,3  09:30   22,7  15:30    0,0    7,5   12,4    2,4   22,5  15:05     33
 23   23,6   27,0  14:10   20,4  11:30    0,0    5,2    2,4    2,5   32,2  16:40     16
 24   26,2   28,7  10:20   22,1  00:05    0,0    7,9    0,0    4,9   29,0  15:00      4
 25   27,1   30,1  10:30   21,9  00:00    0,0    8,7    0,0    3,7   22,5  12:30      9
 26   26,9   30,0  11:20   22,0  00:05    0,0    8,5    0,0    2,7   19,3  13:20     20
 27   26,5   30,6  10:05   22,8  22:50    0,0    8,1    0,0    3,2   20,9  13:35     20
 28   25,9   29,3  14:35   20,7  05:55    0,0    7,6    0,0    1,8   12,9  10:55    115
 29   27,2   30,9  09:45   23,2  04:10    0,0    8,9    0,0    2,3   20,9  11:40     40
 30   27,3   31,6  09:30   22,8  05:20    0,0    9,0    0,0    2,6   19,3  11:40     30
 31   28,9   32,5  09:50   24,6  00:45    0,0   10,6    0,0    3,1   19,3  12:20     26
---------------------------------------------------------------------------------------
      25,7   32,5     31   18,4     10    0,0  227,2   33,6    2,7   35,4     06     57
    
Updated: 20/06/2020 08:55:00