Grottammare (AP) zona Ischia I°

42° 58.22' N | 013° 52.42' E | 5 metri | Show on map

Climate Summary for June 2018

20/10/2020 00:15:00 CEST

Station:VantagePro2
Software:WeeWX v3.7.0
Weewx uptime:92 Giorni, 16 Ore, 58 Minuti
Server uptime:92 Giorni, 16 Ore, 58 Minuti
                   MONTHLY CLIMATOLOGICAL SUMMARY for giu 2018


NAME: Grottammare (AP) zona Ischia I°                  
ELEV: 5 metri    LAT: 42-58.22 N    LONG: 013-52.42 E


                   TEMPERATURE (°C), RAIN (mm), WIND SPEED (km/h)

                                         HEAT   COOL         AVG
      MEAN                               DEG    DEG          WIND                   DOM
DAY   TEMP   HIGH   TIME    LOW   TIME   DAYS   DAYS   RAIN  SPEED   HIGH   TIME    DIR
---------------------------------------------------------------------------------------
 01   23,8   27,1  13:10   19,1  03:50    0,0    5,4    0,0    1,8   12,9  13:15     74
 02   24,0   27,0  12:55   18,7  06:00    0,0    5,6    0,0    2,0   14,5  13:50     91
 03   24,2   27,2  08:40   18,5  05:50    0,0    5,8    0,0    1,6   12,9  10:45     72
 04   24,0   27,7  15:55   20,6  05:50    0,0    5,6    0,2    1,3   16,1  14:40    150
 05   23,8   27,9  12:20   21,7  00:00    0,0    5,5    0,0    2,8   30,6  13:00    333
 06   23,7   26,9  14:30   18,0  05:35    0,0    5,3    0,0    1,8   12,9  00:50     89
 07   24,0   27,1  14:10   20,0  05:45    0,0    5,7    0,0    2,2   17,7  13:55    111
 08   21,8   25,8  08:55   19,1  16:00    0,0    3,5    4,0    2,0   24,1  15:40    264
 09   22,9   28,8  13:35   18,8  01:25    0,0    4,5    3,0    2,7   22,5  12:40    276
 10   23,4   26,7  12:45   18,4  05:45    0,0    5,1    0,0    2,0   12,9  14:10     75
 11   24,5   27,6  12:30   19,5  05:55    0,0    6,2    0,0    2,0   12,9  17:10     87
 12   24,6   26,9  12:40   20,6  05:45    0,0    6,2    2,0    3,0   32,2  22:35     51
 13   23,7   26,9  09:50   19,7  00:00    0,0    5,4    0,4    2,7   29,0  23:40    257
 14   22,7   25,8  16:50   19,1  00:20    0,0    4,4    0,2    4,1   27,4  00:35    325
 15   22,4   25,3  14:30   19,1  06:15    0,0    4,0    0,0    4,9   29,0  15:25      8
 16   23,4   26,8  13:20   20,1  05:15    0,0    5,1    0,0    4,5   25,7  14:20    355
 17   25,3   28,5  10:35   22,8  00:05    0,0    7,0    0,0    4,9   30,6  14:20      3
 18   25,5   28,1  15:30   23,1  05:35    0,0    7,2    0,0    4,6   24,1  12:55      5
 19   25,5   28,5  09:45   22,9  23:30    0,0    7,2    0,0    3,9   24,1  11:15     18
 20   25,3   28,3  09:00   21,3  23:45    0,0    7,0    0,0    2,8   16,1  12:25     53
 21   24,3   27,3  15:25   19,4  05:55    0,0    5,9    1,4    2,5   16,1  19:25    108
 22   23,0   27,8  10:00   19,7  22:40    0,0    4,6   29,4    3,3   25,7  16:25     45
 23   20,9   22,7  15:35   17,4  05:35    0,0    2,5    0,0    3,1   22,5  00:40     54
 24   21,2   24,1  09:20   16,5  23:40    0,0    2,8    0,0    2,4   14,5  11:40     60
 25   20,6   25,1  15:00   14,5  04:50    0,0    2,3    0,0    3,4   30,6  16:35     30
 26   22,1   25,1  12:35   18,7  05:25    0,0    3,8    0,0    4,9   32,2  17:05      4
 27   22,2   24,4  10:20   19,9  04:40    0,0    3,9    0,0    5,7   35,4  13:25     14
 28   22,5   25,6  15:10   19,6  05:05    0,0    4,1    0,0    3,9   30,6  11:00     11
 29   23,9   26,8  10:25   21,1  05:10    0,0    5,6    0,0    3,5   27,4  12:45     23
 30   26,4   30,1  09:40   22,2  23:40    0,0    8,0    0,0    2,8   19,3  13:00     40
---------------------------------------------------------------------------------------
      23,5   30,1     30   14,5     25    0,0  155,6   40,6    3,1   35,4     27     35
    
Updated: 20/06/2020 08:55:00