Grottammare (AP) zona Ischia I°

42° 58.22' N | 013° 52.42' E | 5 metri | Show on map

Climate Summary for March 2018

23/10/2020 12:50:00 CEST

Station:VantagePro2
Software:WeeWX v3.7.0
Weewx uptime:96 Giorni, 5 Ore, 33 Minuti
Server uptime:96 Giorni, 5 Ore, 33 Minuti
                   MONTHLY CLIMATOLOGICAL SUMMARY for mar 2018


NAME: Grottammare (AP) zona Ischia I°                  
ELEV: 5 metri    LAT: 42-58.22 N    LONG: 013-52.42 E


                   TEMPERATURE (°C), RAIN (mm), WIND SPEED (km/h)

                                         HEAT   COOL         AVG
      MEAN                               DEG    DEG          WIND                   DOM
DAY   TEMP   HIGH   TIME    LOW   TIME   DAYS   DAYS   RAIN  SPEED   HIGH   TIME    DIR
---------------------------------------------------------------------------------------
 01    2,1    3,3  14:45    0,4  05:50   16,3    0,0    1,2    3,5   24,1  07:20    243
 02    5,0   10,1  18:00    2,8  00:05   13,4    0,0    0,0    1,8   22,5  18:05    220
 03    6,5    9,6  16:00    2,2  03:10   11,8    0,0    6,0    1,3   22,5  18:25    264
 04    8,4   10,7  15:35    5,3  06:40   10,0    0,0    2,4    1,7   22,5  00:35    131
 05    8,1    9,1  03:20    5,7  23:50   10,3    0,0   16,4    2,0   17,7  07:40    265
 06    6,9    9,9  12:25    3,8  04:05   11,4    0,0    2,8    0,6    9,7  05:50    290
 07    9,3   18,8  12:55    4,0  06:20    9,0    0,0    4,4    1,5   29,0  16:40    100
 08   10,0   13,1  15:30    4,8  06:45    8,4    0,0    0,0    2,4   20,9  02:55    186
 09    9,8   14,4  14:15    4,2  06:45    8,6    0,0    0,0    1,1   12,9  02:50     88
 10    9,5   13,4  14:50    4,9  05:15    8,8    0,0    0,0    1,1   11,3  12:25     81
 11   10,6   14,3  18:30    6,2  04:55    7,8    0,0    0,4    1,1   24,1  18:25     95
 12   13,3   18,3  16:15    8,8  05:15    5,0    0,0    0,2    3,2   32,2  11:30    257
 13   11,3   15,6  12:40    6,7  00:00    7,0    0,0    0,4    1,0   11,3  09:30     88
 14   11,0   14,9  10:10    6,3  04:20    7,4    0,0    0,0    1,7   14,5  10:30     82
 15   10,0   13,7  16:25    4,7  05:35    8,3    0,0    0,0    0,8   11,3  10:40     84
 16   13,9   18,5  10:10    9,8  05:45    4,5    0,0    0,0    2,6   20,9  16:05    195
 17   11,0   12,9  00:05    8,5  00:00    7,3    0,0    5,8    1,4   20,9  08:15    286
 18   10,2   13,9  17:05    6,5  03:50    8,2    0,0    0,2    1,9   19,3  20:25    208
 19    9,5   14,1  10:40    5,6  06:15    8,8    0,0    1,8    3,0   27,4  13:55    338
 20    7,3    9,3  18:55    4,9  05:20   11,0    0,0   19,4    3,1   20,9  18:55     33
 21    5,5    7,3  00:20    4,2  07:35   12,8    0,0    6,0    5,6   33,8  06:00    344
 22    6,9    9,5  13:05    5,0  00:00   11,4    0,0    0,0    5,0   29,0  15:20    326
 23    7,0    9,3  16:40    4,7  00:30   11,4    0,0    0,0    4,3   33,8  11:35    302
 24    8,2   11,2  11:25    4,6  00:00   10,1    0,0    0,0    3,5   22,5  06:05    304
 25    8,6   11,6  11:40    4,3  00:25    9,7    0,0    0,0    2,1   19,3  12:15     37
 26    9,7   12,6  11:25    5,6  22:30    8,6    0,0    0,0    3,5   22,5  14:25    343
 27   10,5   14,4  09:35    5,6  07:25    7,8    0,0    0,0    2,4   19,3  13:10     16
 28    9,7   14,5  15:35    4,5  07:10    8,7    0,0    0,0    1,4   12,9  18:05     90
 29   11,1   14,9  12:45    6,1  06:45    7,2    0,0    0,0    1,4   14,5  12:50     91
 30   12,4   16,6  14:00    7,3  07:30    5,9    0,0    0,0    1,8   16,1  10:40     46
 31   14,6   20,3  15:35   11,7  21:55    3,8    0,0    2,0    5,1   38,6  14:15    251
---------------------------------------------------------------------------------------
       9,3   20,3     31    0,4     01  280,5    0,0   69,4    2,4   38,6     31    311
    
Updated: 20/06/2020 08:55:00