Grottammare (AP) zona Ischia I°

42° 58.22' N | 013° 52.42' E | 5 metri | Show on map

Climate Summary for February 2018

20/10/2020 01:00:00 CEST

Station:VantagePro2
Software:WeeWX v3.7.0
Weewx uptime:92 Giorni, 17 Ore, 43 Minuti
Server uptime:92 Giorni, 17 Ore, 43 Minuti
                   MONTHLY CLIMATOLOGICAL SUMMARY for feb 2018


NAME: Grottammare (AP) zona Ischia I°                  
ELEV: 5 metri    LAT: 42-58.22 N    LONG: 013-52.42 E


                   TEMPERATURE (°C), RAIN (mm), WIND SPEED (km/h)

                                         HEAT   COOL         AVG
      MEAN                               DEG    DEG          WIND                   DOM
DAY   TEMP   HIGH   TIME    LOW   TIME   DAYS   DAYS   RAIN  SPEED   HIGH   TIME    DIR
---------------------------------------------------------------------------------------
 01    8,9   15,2  12:55    3,6  06:55    9,4    0,0    0,0    1,2   14,5  19:50    119
 02    9,8   15,4  12:30    5,9  04:00    8,6    0,0    0,0    2,0   22,5  13:50     25
 03    8,9   15,1  13:25    4,8  23:40    9,4    0,0    7,8    2,7   43,5  13:10    296
 04    7,3   11,2  11:55    4,2  00:00   11,1    0,0    0,0    2,1   20,9  13:10    346
 05    5,7   10,5  13:15    1,3  06:25   12,6    0,0    0,0    0,8    9,7  12:25     97
 06    7,0    9,1  15:00    3,3  05:00   11,4    0,0    2,2    1,0   16,1  14:00    207
 07    6,9    8,9  10:45    4,0  23:45   11,5    0,0    1,0    1,0   16,1  14:40     15
 08    7,0   10,4  15:20    2,8  07:05   11,4    0,0    0,0    1,0   12,9  23:45     70
 09    8,1   11,3  14:05    4,6  00:00   10,2    0,0    0,0    0,9   11,3  11:50     96
 10    7,6   12,4  10:55    3,8  05:05   10,7    0,0    0,6    2,6   22,5  16:05    267
 11    6,1   10,3  12:30    0,9  23:55   12,2    0,0    0,0    2,5   27,4  10:45    264
 12    5,2   10,6  14:30   -0,5  04:20   13,1    0,0    0,6    2,2   25,7  21:10    227
 13    6,7   10,1  15:05    4,7  23:10   11,7    0,0    0,0    4,2   22,5  00:05    257
 14    6,3    9,7  12:30    4,1  06:20   12,1    0,0    0,0    3,3   22,5  14:20    298
 15    6,5    9,6  12:00    4,4  03:35   11,9    0,0    0,0    3,8   29,0  13:25    296
 16    6,2   10,3  13:45    0,3  07:05   12,2    0,0    0,0    1,0   12,9  10:45     75
 17    7,0   10,8  13:10    1,3  07:00   11,3    0,0    1,0    1,1   11,3  11:55    134
 18    8,2    9,6  03:50    7,3  17:40   10,1    0,0    8,4    2,4   17,7  16:10    299
 19    6,8    7,9  00:05    5,7  20:10   11,5    0,0    6,0    2,3   19,3  17:25    297
 20    5,2    6,8  12:10    4,2  20:05   13,1    0,0    2,6    3,2   19,3  22:00    266
 21    4,6    5,3  14:25    4,0  20:25   13,7    0,0   29,8    6,0   32,2  18:50    263
 22    6,5   10,1  10:35    4,2  02:20   11,8    0,0   23,4    5,4   35,4  05:15    265
 23    7,8    9,4  00:00    6,1  06:45   10,5    0,0    4,0    0,7   16,1  15:20    264
 24   10,1   11,1  14:45    8,4  23:30    8,2    0,0    0,8    1,7   17,7  02:10      9
 25    3,7    8,6  00:05    1,1  21:00   14,6    0,0    6,6    3,5   20,9  12:15     13
 26   -0,6    1,2  00:05   -2,2  23:45   18,9    0,0    4,4    3,6   32,2  13:10    262
 27   -1,4    1,4  11:50   -2,9  22:25   19,7    0,0    1,8    4,3   25,7  02:05    262
 28   -0,1    2,7  10:45   -3,3  02:05   18,4    0,0    0,0    3,8   29,0  06:30    280
---------------------------------------------------------------------------------------
       6,1   15,4     02   -3,3     28  341,2    0,0  101,0    2,5   43,5     03    275
    
Updated: 20/06/2020 08:55:00