Grottammare (AP) zona Ischia I°

42° 58.22' N | 013° 52.42' E | 5 metri | Show on map

Climate Summary for December 2017

20/10/2020 00:20:00 CEST

Station:VantagePro2
Software:WeeWX v3.7.0
Weewx uptime:92 Giorni, 17 Ore, 3 Minuti
Server uptime:92 Giorni, 17 Ore, 3 Minuti
                   MONTHLY CLIMATOLOGICAL SUMMARY for dic 2017


NAME: Grottammare (AP) zona Ischia I°                  
ELEV: 5 metri    LAT: 42-58.22 N    LONG: 013-52.42 E


                   TEMPERATURE (°C), RAIN (mm), WIND SPEED (km/h)

                                         HEAT   COOL         AVG
      MEAN                               DEG    DEG          WIND                   DOM
DAY   TEMP   HIGH   TIME    LOW   TIME   DAYS   DAYS   RAIN  SPEED   HIGH   TIME    DIR
---------------------------------------------------------------------------------------
 01    7,0   12,1  11:20    2,4  07:35   11,3    0,0    0,2    0,8    9,7  13:50     47
 02    9,0   11,1  14:40    6,5  05:45    9,3    0,0   15,6    3,3   25,7  20:40     10
 03    7,1   10,6  00:05    5,1  18:05   11,3    0,0    3,8    4,2   25,7  09:40    270
 04    7,5   11,2  13:40    4,2  20:00   10,9    0,0    1,4    3,0   20,9  22:00    264
 05    6,6   12,7  10:55    1,6  06:15   11,7    0,0    0,0    0,9   12,9  08:40     22
 06    5,5   12,7  11:05    1,0  06:05   12,8    0,0    0,0    0,5    6,4  10:25     79
 07    6,8   14,8  12:55    2,1  05:20   11,6    0,0    0,0    0,8   14,5  11:45    194
 08    8,9   14,3  20:15    2,7  05:35    9,5    0,0    0,0    0,9   12,9  15:20    239
 09    7,0   13,9  03:55    2,9  23:00   11,3    0,0    0,0    3,2   32,2  19:25    264
 10    7,4   14,1  00:00    1,4  07:10   10,9    0,0    0,0    3,3   27,4  17:35    227
 11   16,1   20,9  22:55   11,2  06:25    2,2    0,0    0,0    6,5   56,3  20:50    239
 12   16,8   21,3  12:45   10,1  00:00    1,5    0,0    3,6    4,7   35,4  01:00    270
 13    9,7   13,5  13:50    5,8  23:35    8,7    0,0    6,0    1,1   14,5  09:55    263
 14   12,1   17,7  21:50    4,7  04:00    6,2    0,0    0,0    3,0   43,5  12:35    250
 15   13,2   17,6  11:05    9,9  00:00    5,2    0,0   11,4    1,3   25,7  18:10    259
 16    8,9   12,8  12:15    5,6  20:20    9,4    0,0    8,6    3,4   27,4  02:25    290
 17    6,1    7,8  11:35    4,5  01:15   12,2    0,0   15,0    5,0   29,0  17:15    260
 18    6,6    9,8  14:15    4,3  22:00   11,7    0,0    0,4    4,2   24,1  10:35    263
 19    6,0    9,6  12:45    3,2  04:25   12,3    0,0    0,0    3,7   19,3  06:25    266
 20    5,6    9,3  11:25    3,7  14:05   12,7    0,0    1,0    5,4   27,4  15:05    269
 21    6,5    9,4  14:20    4,9  03:10   11,8    0,0    0,0    5,9   25,7  20:10    262
 22    8,9   13,3  13:20    6,1  07:25    9,4    0,0    0,0    3,7   24,1  22:10    267
 23    9,1   15,6  13:00    3,7  00:00    9,2    0,0    0,0    1,9   20,9  02:50    277
 24    5,7   12,3  14:10    1,7  07:05   12,6    0,0    0,0    0,4    8,0  13:30     56
 25    5,9   13,3  15:25    1,8  03:55   12,4    0,0    0,0    0,4    6,4  12:15     51
 26    6,9   12,0  11:40    2,7  07:15   11,4    0,0    0,0    0,7   12,9  20:10    213
 27    9,2   13,8  16:00    3,6  02:50    9,1    0,0    0,0    2,3   30,6  19:15    198
 28    7,7   10,9  04:05    3,0  23:15   10,6    0,0    0,0    1,5   29,0  04:00    276
 29    6,4    8,8  14:40    2,8  23:50   12,0    0,0    2,4    3,4   22,5  12:45    261
 30    6,5   11,3  12:15    0,7  02:55   11,9    0,0    0,0    0,8   11,3  13:45    176
 31    5,6   11,7  11:35    2,1  07:20   12,7    0,0    0,0    0,6   12,9  13:00     51
---------------------------------------------------------------------------------------
       8,1   21,3     12    0,7     30  315,9    0,0   69,4    2,6   56,3     11    261
    
Updated: 20/06/2020 08:55:00