Grottammare (AP) zona Ischia I°

42° 58.22' N | 013° 52.42' E | 5 metri | Show on map

Climate Summary for November 2017

20/10/2020 00:55:00 CEST

Station:VantagePro2
Software:WeeWX v3.7.0
Weewx uptime:92 Giorni, 17 Ore, 38 Minuti
Server uptime:92 Giorni, 17 Ore, 38 Minuti
                   MONTHLY CLIMATOLOGICAL SUMMARY for nov 2017


NAME: Grottammare (AP) zona Ischia I°                  
ELEV: 5 metri    LAT: 42-58.22 N    LONG: 013-52.42 E


                   TEMPERATURE (°C), RAIN (mm), WIND SPEED (km/h)

                                         HEAT   COOL         AVG
      MEAN                               DEG    DEG          WIND                   DOM
DAY   TEMP   HIGH   TIME    LOW   TIME   DAYS   DAYS   RAIN  SPEED   HIGH   TIME    DIR
---------------------------------------------------------------------------------------
 01   11,5   17,2  11:35    6,3  06:45    6,8    0,0    0,0    1,1   12,9  11:40    113
 02   11,3   16,9  15:00    5,7  05:55    7,0    0,0    0,0    0,7    9,7  11:20     90
 03   14,5   18,2  14:55   10,8  23:55    3,9    0,0    0,4    0,6   16,1  00:20    204
 04   13,8   18,1  10:15    8,6  07:00    4,5    0,0    0,0    1,1   11,3  10:20    140
 05   14,3   17,6  13:05    9,7  07:05    4,0    0,0    5,6    1,6   16,1  12:20    210
 06   14,6   18,6  10:50   10,1  23:15    3,7    0,0   12,2    2,0   29,0  23:05    322
 07   12,8   16,7  15:25    9,6  22:20    5,5    0,0    0,4    0,8   17,7  00:30    115
 08   13,4   17,2  11:05   10,1  00:00    5,0    0,0    0,0    2,6   22,5  07:35    309
 09   11,8   16,3  14:05    7,2  06:45    6,5    0,0    0,0    0,6    9,7  10:25     90
 10   13,1   16,4  11:25   10,6  02:05    5,2    0,0    0,6    0,7   17,7  13:00     18
 11   12,6   17,0  10:15    8,7  06:05    5,7    0,0    0,0    1,2   12,9  13:00     47
 12   12,4   16,3  14:35    7,9  05:55    5,9    0,0    0,0    0,8    9,7  00:05     82
 13   11,4   17,4  07:35    8,4  21:10    7,0    0,0    0,4    2,9   43,5  08:30    279
 14   11,3   12,8  05:45    8,7  00:05    7,1    0,0   28,0    8,7   35,4  04:10     39
 15   12,5   14,4  07:40   10,3  23:05    5,9    0,0   66,0    9,5   41,8  04:00     33
 16   11,1   11,8  11:10   10,5  02:35    7,2    0,0    0,4    3,7   22,5  07:05    260
 17   12,2   14,7  11:10   11,1  04:20    6,1    0,0    0,0    2,6   19,3  04:55    260
 18   12,0   13,9  11:05   10,9  21:45    6,3    0,0    0,0    3,0   24,1  02:00    255
 19   11,4   15,1  10:10    7,2  19:50    7,0    0,0    0,0    2,2   16,1  03:25    273
 20   11,7   15,3  09:55    7,6  00:00    6,7    0,0    0,0    2,6   20,9  02:15    255
 21    9,0   16,4  12:05    4,7  02:25    9,3    0,0    0,0    0,7   12,9  11:40    144
 22    9,1   14,9  10:50    4,2  06:50    9,2    0,0    0,0    0,5   16,1  10:55     75
 23   10,5   15,3  10:35    6,3  07:10    7,8    0,0    0,0    0,6    9,7  13:05     93
 24   10,5   15,7  12:40    6,4  04:50    7,8    0,0    0,0    0,6   12,9  15:15     48
 25   10,7   17,9  21:25    6,9  05:25    7,7    0,0    0,0    0,5   25,7  20:55    137
 26   11,3   14,8  06:30    8,1  18:20    7,1    0,0    1,8    2,6   27,4  23:00    269
 27    7,8   10,3  14:20    6,3  07:15   10,5    0,0    3,8    4,2   25,7  00:25    258
 28    8,4   11,8  11:10    4,8  00:00    9,9    0,0    0,0    2,2   17,7  00:35    242
 29   10,3   14,4  13:05    4,7  00:05    8,0    0,0    1,4    0,9   14,5  03:45    282
 30    9,6   12,1  09:10    5,9  23:20    8,7    0,0    0,4    1,5   20,9  03:05    317
---------------------------------------------------------------------------------------
      11,6   18,6     06    4,2     22  203,0    0,0  121,4    2,1   43,5     13    335
    
Updated: 20/06/2020 08:55:00