Grottammare (AP) zona Ischia I°

42° 58.22' N | 013° 52.42' E | 5 metri | Show on map

Climate Summary for September 2017

20/10/2020 00:55:00 CEST

Station:VantagePro2
Software:WeeWX v3.7.0
Weewx uptime:92 Giorni, 17 Ore, 38 Minuti
Server uptime:92 Giorni, 17 Ore, 38 Minuti
                   MONTHLY CLIMATOLOGICAL SUMMARY for set 2017


NAME: Grottammare (AP) zona Ischia I°                  
ELEV: 5 metri    LAT: 42-58.22 N    LONG: 013-52.42 E


                   TEMPERATURE (°C), RAIN (mm), WIND SPEED (km/h)

                                         HEAT   COOL         AVG
      MEAN                               DEG    DEG          WIND                   DOM
DAY   TEMP   HIGH   TIME    LOW   TIME   DAYS   DAYS   RAIN  SPEED   HIGH   TIME    DIR
---------------------------------------------------------------------------------------
 01
 02
 03
 04
 05
 06
 07
 08
 09   20,5   21,7  23:05   19,8  23:55    0,0    2,2    0,0    0,1    3,2  23:15     45
 10   19,0   22,4  08:30   17,4  05:00    0,0    0,7   17,8    1,9   32,2  13:00    245
 11   20,1   23,8  15:20   18,0  02:30    0,0    1,7   12,2    1,5   19,3  19:25    260
 12   21,8   26,3  14:15   15,8  06:55    0,0    3,4    0,0    1,8   20,9  13:25    113
 13   20,9   24,2  15:00   15,8  06:50    0,0    2,6    0,0    2,5   16,1  12:05     72
 14   21,2   24,7  16:35   15,8  06:50    0,0    2,9    0,0    2,0   20,9  16:00    128
 15   22,2   26,2  12:20   17,6  07:00    0,0    3,9    0,0    1,9   17,7  14:40     58
 16   23,1   26,7  11:10   18,8  07:05    0,0    4,7    0,0    1,5   12,9  13:50     87
 17   21,6   25,5  16:00   18,2  07:05    0,0    3,2    1,8    2,7   22,5  12:35     85
 18   20,3   24,1  13:30   14,7  05:10    0,0    2,0    0,0    2,8   17,7  14:40    121
 19   18,3   22,9  16:00   14,1  23:35    0,1    0,0   15,0    2,3   22,5  12:10     40
 20   14,3   16,4  23:25   12,4  08:35    4,0    0,0   20,8    3,9   27,4  07:45    245
 21   18,0   22,6  10:35   10,4  07:05    0,3    0,0    0,0    2,2   14,5  13:25     82
 22   17,7   22,7  12:10   11,8  05:35    0,7    0,0    0,0    1,5   14,5  12:35     62
 23   18,6   22,9  15:25   11,9  07:05    0,0    0,2    0,0    1,5   12,9  14:15     77
 24   18,9   23,0  10:20   14,1  07:05    0,0    0,6    7,2    1,9   19,3  20:30     81
 25   18,0   22,7  15:25   15,8  05:10    0,3    0,0    0,2    3,2   25,7  23:50    242
 26   18,3   22,3  13:25   16,2  06:55    0,0    0,0    3,2    3,5   25,7  02:30    259
 27   19,6   23,3  11:20   17,2  06:00    0,0    1,3    0,0    4,0   20,9  01:55    280
 28   19,8   23,7  12:10   17,7  23:45    0,0    1,5    0,0    3,7   24,1  16:30    271
 29   19,3   23,7  14:10   17,0  06:25    0,0    0,9    0,0    4,1   27,4  15:05    255
 30   18,7   22,4  11:20   16,6  07:10    0,0    0,3    0,0    4,0   20,9  04:10    284
---------------------------------------------------------------------------------------
      19,5   26,7     16   10,4     21    5,3   32,3   78,2    2,6   32,2     10    239
    
Updated: 20/06/2020 08:55:00